{"id":182,"date":"2019-03-17T11:36:13","date_gmt":"2019-03-17T10:36:13","guid":{"rendered":"http:\/\/www.phila-prc.be\/?page_id=182"},"modified":"2025-02-04T11:25:26","modified_gmt":"2025-02-04T10:25:26","slug":"section-membres","status":"publish","type":"page","link":"https:\/\/www.philharmonieroyaleconcordia.be\/?page_id=182","title":{"rendered":"Section membres"},"content":{"rendered":"","protected":true},"excerpt":{"rendered":"","protected":true},"author":2,"featured_media":0,"parent":0,"menu_order":0,"comment_status":"closed","ping_status":"closed","template":"","meta":{"ngg_post_thumbnail":0,"footnotes":""},"class_list":["post-182","page","type-page","status-publish","post-password-required","hentry"],"wppr_data":{"cwp_meta_box_check":"No"},"jetpack_sharing_enabled":true,"jetpack_shortlink":"https:\/\/wp.me\/PaLYOG-2W","jetpack-related-posts":[{"id":271,"url":"https:\/\/www.philharmonieroyaleconcordia.be\/?page_id=271","url_meta":{"origin":182,"position":0},"title":"Concordia Agenda","date":"20 mars 2019","format":false,"excerpt":"Mode d'emploi pour ins\u00e9rer l'ensemble des dates dans son agenda personnel (smartphone p.e.):\u00a0 1. Ouvrir le site Internet via un ordinateur (et non smartphone) 2. Acc\u00e9der \u00e0 la page affichant les dates (via acc\u00e8s membre et code \u00ab\u00a0prc) 3. Cliquez en dessous des dates sur \u00ab\u00a0+GOOGLE CALENDAR\u00a0\u00bb 4. Une page\u2026","rel":"","context":"Article similaire","img":{"alt_text":"","src":"","width":0,"height":0},"classes":[]},{"id":244,"url":"https:\/\/www.philharmonieroyaleconcordia.be\/?page_id=244","url_meta":{"origin":182,"position":1},"title":"Informations importantes","date":"19 mars 2019","format":false,"excerpt":".\u00a0 \u00a0 \u00a0 \u00a0 \u00a0 \u00a0 \u00a0 .\u00a0 \u00a0 \u00a0 \u00a0 \u00a0 \u00a0 ______________ \u00a0 \u00a0 \u00a0 \u00a0 \u00a0 \u00a0 \u00a0 \u00a0 \u00a0 \u00a0 \u00a0 R\u00e8glement d'ordre int\u00e9rieur\u00a0 \u00a0 \u00a0 \u00a0 \u00a0 \u00a0 \u00a0 \u00a0 \u00a0 \u00a0 \u00a0 \u00a0 \u00a0Statuts de l'ASBL\u00a0 \u00a0 \u00a0 \u00a0 \u00a0 \u00a0 \u00a0 \u00a0 \u00a0\u2026","rel":"","context":"Article similaire","img":{"alt_text":"","src":"https:\/\/i0.wp.com\/www.philharmonieroyaleconcordia.be\/wp-content\/uploads\/2019\/06\/Re\u00cc\u0081glement-dOrdre-Inte\u00cc\u0081rieur-approuve\u00cc\u0081-par-AG-du-27-avril-2019-original-signe\u00cc\u0081_Page_01-212x300.jpg?resize=350%2C200","width":350,"height":200},"classes":[]},{"id":22,"url":"https:\/\/www.philharmonieroyaleconcordia.be\/?page_id=22","url_meta":{"origin":182,"position":2},"title":"Notre Vision","date":"4 mars 2019","format":false,"excerpt":"Cr\u00e9ation, initiative, sens des responsabilit\u00e9s et r\u00e9flexions, acceptation des autres, efforts sans cesse renouvel\u00e9s en qu\u00eate d\u2019une perfection. On pourrait sans doute penser que ce sont des mots un peu \u00e9trangers au monde de la musique. Et pourtant... Nous sommes tous convaincus de l\u2019int\u00e9r\u00eat de conserver vivante au sein de\u2026","rel":"","context":"Article similaire","img":{"alt_text":"","src":"https:\/\/i0.wp.com\/www.philharmonieroyaleconcordia.be\/wp-content\/uploads\/2019\/03\/Pol.jpg?resize=350%2C200&ssl=1","width":350,"height":200},"classes":[]},{"id":626,"url":"https:\/\/www.philharmonieroyaleconcordia.be\/?page_id=626","url_meta":{"origin":182,"position":3},"title":"L&#8217;Orchestre","date":"26 janvier 2020","format":false,"excerpt":"Vous trouverez, en cliquant sur la petite fl\u00e8che \u00e0 droite de mot orchestre dans le menu, diff\u00e9rents onglets vous pr\u00e9sentant notre vision, les membres, notre chef d'orchestre, etc.","rel":"","context":"Article similaire","img":{"alt_text":"","src":"","width":0,"height":0},"classes":[]},{"id":1036,"url":"https:\/\/www.philharmonieroyaleconcordia.be\/?page_id=1036","url_meta":{"origin":182,"position":4},"title":"","date":"14 f\u00e9vrier 2022","format":false,"excerpt":"\u00a0 \u00a0 \u00a0 Derni\u00e8res infos :","rel":"","context":"Article similaire","img":{"alt_text":"","src":"","width":0,"height":0},"classes":[]},{"id":37,"url":"https:\/\/www.philharmonieroyaleconcordia.be\/?page_id=37","url_meta":{"origin":182,"position":5},"title":"Organe d&#8217;Administration","date":"4 mars 2019","format":false,"excerpt":"Contacter les membres de l'organe d'administration : orchestreprc@gmail.com Tr\u00e9sorier : Mr Marchal Olivier Membres : Mr Urbain Marc, Mr G\u00e9rard Thomas, Mr Denis Guido \u00a0 Responsables Web\u00a0 : \u00a0Mr Willems Fran\u00e7ois Contact : webmaster@philharmonieroyaleconcordia.be","rel":"","context":"Article similaire","img":{"alt_text":"","src":"","width":0,"height":0},"classes":[]}],"_links":{"self":[{"href":"https:\/\/www.philharmonieroyaleconcordia.be\/index.php?rest_route=\/wp\/v2\/pages\/182","targetHints":{"allow":["GET"]}}],"collection":[{"href":"https:\/\/www.philharmonieroyaleconcordia.be\/index.php?rest_route=\/wp\/v2\/pages"}],"about":[{"href":"https:\/\/www.philharmonieroyaleconcordia.be\/index.php?rest_route=\/wp\/v2\/types\/page"}],"author":[{"embeddable":true,"href":"https:\/\/www.philharmonieroyaleconcordia.be\/index.php?rest_route=\/wp\/v2\/users\/2"}],"replies":[{"embeddable":true,"href":"https:\/\/www.philharmonieroyaleconcordia.be\/index.php?rest_route=%2Fwp%2Fv2%2Fcomments&post=182"}],"version-history":[{"count":122,"href":"https:\/\/www.philharmonieroyaleconcordia.be\/index.php?rest_route=\/wp\/v2\/pages\/182\/revisions"}],"predecessor-version":[{"id":2502,"href":"https:\/\/www.philharmonieroyaleconcordia.be\/index.php?rest_route=\/wp\/v2\/pages\/182\/revisions\/2502"}],"wp:attachment":[{"href":"https:\/\/www.philharmonieroyaleconcordia.be\/index.php?rest_route=%2Fwp%2Fv2%2Fmedia&parent=182"}],"curies":[{"name":"wp","href":"https:\/\/api.w.org\/{rel}","templated":true}]}}