{"id":2027,"date":"2023-07-25T21:29:17","date_gmt":"2023-07-25T19:29:17","guid":{"rendered":"http:\/\/www.philharmonieroyaleconcordia.be\/?page_id=2027"},"modified":"2024-10-21T17:13:34","modified_gmt":"2024-10-21T15:13:34","slug":"nous-contacter","status":"publish","type":"page","link":"https:\/\/www.philharmonieroyaleconcordia.be\/?page_id=2027","title":{"rendered":"Nous contacter"},"content":{"rendered":"<h2><span style=\"text-decoration: underline;\">Philharmonie Royale Concordia d\u2019Ottignies A.S.B.L<\/span><\/h2>\n<ul>\n<li><strong>Si\u00e8ge social<\/strong> : Cour des Terres Noires, 4 &#8211; 1341 Ottignies \u2013 C\u00e9roux-Mousty<\/li>\n<li><strong style=\"text-align: center;\">Compte bancaire<\/strong><span style=\"text-align: center;\"> : BE62 0634 4100 3461<\/span><\/li>\n<li><strong>Nr d\u2019entreprise<\/strong> : 830.598.132<\/li>\n<li><strong>Adresse e-mail<\/strong> : orchestreprc@gmail.com<\/li>\n<li><strong>GSM<\/strong> : 0488 76 56 47 \/ 0495 19 25 20<\/li>\n<li><a href=\"https:\/\/facebook.com\/philharmonieottignies\"><strong>Page Facebook<\/strong><\/a> &#8211;&nbsp;<a href=\"https:\/\/www.instagram.com\/philharmonieottignies\/\"><strong>Page Instagram<\/strong><\/a>&nbsp;<\/li>\n<\/ul>\n<p><img loading=\"lazy\" decoding=\"async\" data-attachment-id=\"1591\" data-permalink=\"https:\/\/www.philharmonieroyaleconcordia.be\/?attachment_id=1591\" data-orig-file=\"https:\/\/i0.wp.com\/www.philharmonieroyaleconcordia.be\/wp-content\/uploads\/2023\/07\/cropped-logo-PhotoRoom.png-PhotoRoom.png?fit=551%2C465&amp;ssl=1\" data-orig-size=\"551,465\" data-comments-opened=\"1\" data-image-meta=\"{&quot;aperture&quot;:&quot;0&quot;,&quot;credit&quot;:&quot;&quot;,&quot;camera&quot;:&quot;&quot;,&quot;caption&quot;:&quot;&quot;,&quot;created_timestamp&quot;:&quot;0&quot;,&quot;copyright&quot;:&quot;&quot;,&quot;focal_length&quot;:&quot;0&quot;,&quot;iso&quot;:&quot;0&quot;,&quot;shutter_speed&quot;:&quot;0&quot;,&quot;title&quot;:&quot;&quot;,&quot;orientation&quot;:&quot;0&quot;}\" data-image-title=\"cropped-logo-PhotoRoom.png-PhotoRoom.png\" data-image-description=\"&lt;p&gt;http:\/\/www.philharmonieroyaleconcordia.be\/wp-content\/uploads\/2023\/07\/cropped-logo-PhotoRoom.png-PhotoRoom.png&lt;\/p&gt;\n\" data-image-caption=\"\" data-medium-file=\"https:\/\/i0.wp.com\/www.philharmonieroyaleconcordia.be\/wp-content\/uploads\/2023\/07\/cropped-logo-PhotoRoom.png-PhotoRoom.png?fit=300%2C253&amp;ssl=1\" data-large-file=\"https:\/\/i0.wp.com\/www.philharmonieroyaleconcordia.be\/wp-content\/uploads\/2023\/07\/cropped-logo-PhotoRoom.png-PhotoRoom.png?fit=551%2C465&amp;ssl=1\" class=\"alignleft wp-image-1591\" style=\"text-align: center;\" src=\"https:\/\/i0.wp.com\/www.philharmonieroyaleconcordia.be\/wp-content\/uploads\/2023\/07\/cropped-logo-PhotoRoom.png-PhotoRoom.png?resize=202%2C170\" alt=\"\" width=\"202\" height=\"170\" srcset=\"https:\/\/i0.wp.com\/www.philharmonieroyaleconcordia.be\/wp-content\/uploads\/2023\/07\/cropped-logo-PhotoRoom.png-PhotoRoom.png?resize=300%2C253&amp;ssl=1 300w, https:\/\/i0.wp.com\/www.philharmonieroyaleconcordia.be\/wp-content\/uploads\/2023\/07\/cropped-logo-PhotoRoom.png-PhotoRoom.png?resize=50%2C42&amp;ssl=1 50w, https:\/\/i0.wp.com\/www.philharmonieroyaleconcordia.be\/wp-content\/uploads\/2023\/07\/cropped-logo-PhotoRoom.png-PhotoRoom.png?w=551&amp;ssl=1 551w\" sizes=\"auto, (max-width: 202px) 100vw, 202px\" data-recalc-dims=\"1\" \/><\/p>\n<p>&nbsp;<\/p>\n<p>&nbsp;<\/p>\n<p>&nbsp;<\/p>\n<p>&nbsp;<\/p>\n<p>&nbsp;<\/p>\n<p>Que vous soyez un musicien, un organisateur d&#8217;\u00e9v\u00e9nements, un m\u00e9dia ou tout simplement curieux d&#8217;en savoir plus sur notre orchestre, nous vous r\u00e9pondrons avec plaisir ! \ud83c\udfb6<\/p>\n<div id='contact-form-2027'>\n<form action='https:\/\/www.philharmonieroyaleconcordia.be\/?page_id=2027#contact-form-2027' method='post' class='contact-form commentsblock'>\n<script>\n\t\t\t( function () {\n\t\t\t\tconst contact_forms = document.getElementsByClassName('contact-form');\n\n\t\t\t\tfor ( const form of contact_forms ) {\n\t\t\t\t\tform.onsubmit = function() {\n\t\t\t\t\t\tconst buttons = form.getElementsByTagName('button');\n\n\t\t\t\t\t\tfor( const button of buttons ) {\n\t\t\t\t\t\t\tbutton.setAttribute('disabled', true);\n\t\t\t\t\t\t}\n\t\t\t\t\t}\n\t\t\t\t}\n\t\t\t} )();\n\t\t<\/script>\n<div class='grunion-field-wrap grunion-field-name-wrap'  >\n<label\n\t\t\t\tfor='g2027-votrenom'\n\t\t\t\tclass='grunion-field-label name'\n\t\t\t\t>Votre nom<span>(obligatoire)<\/span><\/label>\n<input\n\t\t\t\t\ttype='text'\n\t\t\t\t\tname='g2027-votrenom'\n\t\t\t\t\tid='g2027-votrenom'\n\t\t\t\t\tvalue=''\n\t\t\t\t\tclass='name' \n\t\t\t\t\trequired aria-required='true'\n\t\t\t\t\/>\n\t<\/div>\n\n<div class='grunion-field-wrap grunion-field-email-wrap'  >\n<label\n\t\t\t\tfor='g2027-votreemail'\n\t\t\t\tclass='grunion-field-label email'\n\t\t\t\t>Votre e-mail<span>(obligatoire)<\/span><\/label>\n<input\n\t\t\t\t\ttype='email'\n\t\t\t\t\tname='g2027-votreemail'\n\t\t\t\t\tid='g2027-votreemail'\n\t\t\t\t\tvalue=''\n\t\t\t\t\tclass='email' \n\t\t\t\t\trequired aria-required='true'\n\t\t\t\t\/>\n\t<\/div>\n\n<div class='grunion-field-wrap grunion-field-text-wrap'  >\n<label\n\t\t\t\tfor='g2027-objet'\n\t\t\t\tclass='grunion-field-label text'\n\t\t\t\t>Objet<span>(obligatoire)<\/span><\/label>\n<input\n\t\t\t\t\ttype='text'\n\t\t\t\t\tname='g2027-objet'\n\t\t\t\t\tid='g2027-objet'\n\t\t\t\t\tvalue=''\n\t\t\t\t\tclass='text' \n\t\t\t\t\trequired aria-required='true'\n\t\t\t\t\/>\n\t<\/div>\n\n<div class='grunion-field-wrap grunion-field-textarea-wrap'  >\n<label\n\t\t\t\tfor='contact-form-comment-g2027-votremessage'\n\t\t\t\tclass='grunion-field-label textarea'\n\t\t\t\t>Votre message<span>(obligatoire)<\/span><\/label>\n<textarea\n\t\t                name='g2027-votremessage'\n\t\t                id='contact-form-comment-g2027-votremessage'\n\t\t                rows='20' class='textarea'  required aria-required='true'><\/textarea>\n\t<\/div>\n\t<p class='contact-submit'>\n\t\t<button type='submit' class='pushbutton-wide'>Envoyer<\/button>\t\t<input type='hidden' name='contact-form-id' value='2027' \/>\n\t\t<input type='hidden' name='action' value='grunion-contact-form' \/>\n\t\t<input type='hidden' name='contact-form-hash' value='19a68408674e7ed0497289abf769039230950419' \/>\n\t<\/p>\n<p style=\"display: none !important;\"><label>&#916;<textarea name=\"ak_hp_textarea\" cols=\"45\" rows=\"8\" maxlength=\"100\"><\/textarea><\/label><input type=\"hidden\" id=\"ak_js_1\" name=\"ak_js\" value=\"143\"\/><script>document.getElementById( \"ak_js_1\" ).setAttribute( \"value\", ( new Date() ).getTime() );<\/script><\/p><\/form>\n<\/div>\n","protected":false},"excerpt":{"rendered":"<p>Philharmonie Royale Concordia d\u2019Ottignies A.S.B.L Si\u00e8ge social : Cour des Terres Noires, 4 &#8211; 1341 Ottignies \u2013 C\u00e9roux-Mousty Compte bancaire : BE62 0634 4100 3461 Nr d\u2019entreprise : 830.598.132 Adresse &hellip; <\/p>\n<p class=\"link-more\"><a href=\"https:\/\/www.philharmonieroyaleconcordia.be\/?page_id=2027\" class=\"more-link\">Lire la suite de<span class=\"screen-reader-text\">\u00ab\u00a0Nous contacter\u00a0\u00bb<\/span><\/a><\/p>\n","protected":false},"author":14,"featured_media":0,"parent":0,"menu_order":0,"comment_status":"closed","ping_status":"closed","template":"","meta":{"ngg_post_thumbnail":0,"footnotes":""},"class_list":["post-2027","page","type-page","status-publish","hentry"],"wppr_data":{"cwp_meta_box_check":"No"},"jetpack_sharing_enabled":true,"jetpack_shortlink":"https:\/\/wp.me\/PaLYOG-wH","jetpack-related-posts":[{"id":167,"url":"https:\/\/www.philharmonieroyaleconcordia.be\/?page_id=167","url_meta":{"origin":2027,"position":0},"title":"Vid\u00e9os","date":"17 mars 2019","format":false,"excerpt":"Cliquez sur le lien ci-dessous pour vous visionnez nos vid\u00e9os. \u00a0 \u00a0 Broadway Concert Night 2023 au SPOTT d'Ottignies (22 avril 2023). \"Concert de gala sur le th\u00eame des com\u00e9dies musicales\u00a0 - Direction Serge Cange Extrait de West Side Story (Mambo) Extrait de la Belle et la B\u00eate \u00a0 Extrait\u2026","rel":"","context":"Article similaire","img":{"alt_text":"","src":"","width":0,"height":0},"classes":[]},{"id":26,"url":"https:\/\/www.philharmonieroyaleconcordia.be\/?page_id=26","url_meta":{"origin":2027,"position":1},"title":"Album photos","date":"4 mars 2019","format":false,"excerpt":"F\u00eates de Wallonie \u00e0 Ottignies [15 Septembre 2024] \u00a0 Clic ici pour visualiser l'album complet du concert\u00a0 \u00a0 A World of Heroes 2024 Clic ici pour visualiser l'album complet du concert 'A World of Heroes of Heroes' 2024 \u00a0 Broadway Concert\u00a0 Night 2023 \u00a0 Clic ici pour visualiser l'album complet\u2026","rel":"","context":"Article similaire","img":{"alt_text":"","src":"https:\/\/i0.wp.com\/www.philharmonieroyaleconcordia.be\/wp-content\/uploads\/2021\/05\/2020-09-26-10.01.00-scaled.jpg?resize=350%2C200","width":350,"height":200},"classes":[]},{"id":19,"url":"https:\/\/www.philharmonieroyaleconcordia.be\/?page_id=19","url_meta":{"origin":2027,"position":2},"title":"Histoire","date":"4 mars 2019","format":false,"excerpt":"Un peu d\u2019histoire Au d\u00e9but de l\u2019\u00e8re industrielle, nos r\u00e9gions ont vu na\u00eetre des fanfares subsidi\u00e9es par des entreprises. La premi\u00e8re station ferroviaire d\u2019Ottignies est mise en service en 1855 et re\u00e7oit un b\u00e2timent provisoire en 1858. En 1860, le chef de gare d\u2019Ottignies r\u00e9unit les musiciens, membres de son\u2026","rel":"","context":"Article similaire","img":{"alt_text":"","src":"","width":0,"height":0},"classes":[]},{"id":164,"url":"https:\/\/www.philharmonieroyaleconcordia.be\/?page_id=164","url_meta":{"origin":2027,"position":3},"title":"Vous souhaitez rejoindre notre orchestre ?","date":"17 mars 2019","format":false,"excerpt":"Vous \u00eates musicien amateur et vous pratiquez un instrument d\u2019harmonie ? \ud83c\udfba\ud83c\udfb7\ud83c\udfb6 Vous avez d\u00e9j\u00e0 de la pratique et vous souhaitez rejoindre la Philharmonie d'Ottignies-Louvain-la- Neuve ? Contactez-nous d\u00e8s maintenant 0488 76 56 47 - Email - \u00a0Facebook - Instagram \u00a0 Nous r\u00e9p\u00e9tons tous les samedis de 9h30 \u00e0 12h00\u2026","rel":"","context":"Article similaire","img":{"alt_text":"","src":"","width":0,"height":0},"classes":[]},{"id":444,"url":"https:\/\/www.philharmonieroyaleconcordia.be\/?page_id=444","url_meta":{"origin":2027,"position":4},"title":"Direction musicale","date":"6 mai 2019","format":false,"excerpt":"Serge CANGE Serge a d\u00e9but\u00e9 la musique \u00e0 13 ans au sein de l'harmonie \" Renouveau Musical\" de Genappe en 1981 dont il a repris\u00a0 la direction musicale depuis 1989. Il a tr\u00e8s vite suivi des cours de trompette \u00e0 l'Acad\u00e9mie d'Ottignies ( Court St Etienne ) dans la classe\u2026","rel":"","context":"Article similaire","img":{"alt_text":"","src":"https:\/\/i0.wp.com\/www.philharmonieroyaleconcordia.be\/wp-content\/uploads\/2019\/06\/s-251x300.jpg?resize=350%2C200","width":350,"height":200},"classes":[]},{"id":22,"url":"https:\/\/www.philharmonieroyaleconcordia.be\/?page_id=22","url_meta":{"origin":2027,"position":5},"title":"Notre Vision","date":"4 mars 2019","format":false,"excerpt":"Cr\u00e9ation, initiative, sens des responsabilit\u00e9s et r\u00e9flexions, acceptation des autres, efforts sans cesse renouvel\u00e9s en qu\u00eate d\u2019une perfection. On pourrait sans doute penser que ce sont des mots un peu \u00e9trangers au monde de la musique. Et pourtant... Nous sommes tous convaincus de l\u2019int\u00e9r\u00eat de conserver vivante au sein de\u2026","rel":"","context":"Article similaire","img":{"alt_text":"","src":"https:\/\/i0.wp.com\/www.philharmonieroyaleconcordia.be\/wp-content\/uploads\/2019\/03\/Pol.jpg?resize=350%2C200&ssl=1","width":350,"height":200},"classes":[]}],"_links":{"self":[{"href":"https:\/\/www.philharmonieroyaleconcordia.be\/index.php?rest_route=\/wp\/v2\/pages\/2027","targetHints":{"allow":["GET"]}}],"collection":[{"href":"https:\/\/www.philharmonieroyaleconcordia.be\/index.php?rest_route=\/wp\/v2\/pages"}],"about":[{"href":"https:\/\/www.philharmonieroyaleconcordia.be\/index.php?rest_route=\/wp\/v2\/types\/page"}],"author":[{"embeddable":true,"href":"https:\/\/www.philharmonieroyaleconcordia.be\/index.php?rest_route=\/wp\/v2\/users\/14"}],"replies":[{"embeddable":true,"href":"https:\/\/www.philharmonieroyaleconcordia.be\/index.php?rest_route=%2Fwp%2Fv2%2Fcomments&post=2027"}],"version-history":[{"count":18,"href":"https:\/\/www.philharmonieroyaleconcordia.be\/index.php?rest_route=\/wp\/v2\/pages\/2027\/revisions"}],"predecessor-version":[{"id":2466,"href":"https:\/\/www.philharmonieroyaleconcordia.be\/index.php?rest_route=\/wp\/v2\/pages\/2027\/revisions\/2466"}],"wp:attachment":[{"href":"https:\/\/www.philharmonieroyaleconcordia.be\/index.php?rest_route=%2Fwp%2Fv2%2Fmedia&parent=2027"}],"curies":[{"name":"wp","href":"https:\/\/api.w.org\/{rel}","templated":true}]}}