{"id":22,"date":"2019-03-04T15:06:06","date_gmt":"2019-03-04T14:06:06","guid":{"rendered":"http:\/\/www.phila-prc.be\/?page_id=22"},"modified":"2019-05-12T21:47:34","modified_gmt":"2019-05-12T19:47:34","slug":"notre-vision","status":"publish","type":"page","link":"https:\/\/www.philharmonieroyaleconcordia.be\/?page_id=22","title":{"rendered":"Notre Vision"},"content":{"rendered":"\r\n<p><strong>Cr\u00e9ation, initiative, sens des responsabilit\u00e9s et r\u00e9flexions, acceptation des autres, efforts sans cesse renouvel\u00e9s en qu\u00eate d\u2019une perfection.<\/strong><\/p>\r\n\r\n\r\n\r\n<p>On pourrait sans doute penser que ce sont des mots un peu \u00e9trangers au monde de la musique. Et pourtant&#8230;<\/p>\r\n\r\n\r\n\r\n<p>Nous sommes tous convaincus de l\u2019int\u00e9r\u00eat de conserver vivante au sein de nos entit\u00e9s belges, la culture musicale.<\/p>\r\n\r\n\r\n\r\n<p>C\u2019est donc \u00e0 cette grande aventure exaltante de la musique que nous convions au fil des semaines musiciens ou non, \u00e0 la participation \u00e0 nos activit\u00e9s.<\/p>\r\n\r\n\r\n\r\n<p>\u0152uvres en tous genres, apprises et ex\u00e9cut\u00e9es par l\u2019orchestre le sont pour le plus grand plaisir et la satisfaction des musiciens. Mais celles-ci ne sont r\u00e9ellement compl\u00e8tes que si vous, promoteurs et auditeurs, \u00eates satisfaits de ce que vous entendez.<\/p>\r\n\r\n\r\n\r\n<p>R\u00e9p\u00e9titions r\u00e9guli\u00e8res et assidues ont pour aboutissement les divers concerts que les musiciens sont fiers de vous pr\u00e9senter.<\/p>\r\n\r\n\r\n\r\n<p>Dans notre orchestre, c\u2019est tous ensemble que jeunes et moins jeunes acceptent de surmonter pas \u00e0 pas les difficult\u00e9s des partitions, pour arriver \u00e0 pr\u00e9senter un concert qui soit le fruit de leur travail commun. A chacun \u00e0 apporter le meilleur de lui-m\u00eame.<\/p>\r\n\r\n\r\n\r\n<p>Instruments \u00e0 vents et percussions sont les deux seules (mais lesquelles !) familles d\u2019instruments qui jouent dans la Philharmonie. Toutefois, les temps changent et donc nous int\u00e9grons aussi des instruments comme la basse \u00e9lectrique et des claviers.<\/p>\r\n\r\n\r\n\r\n<p>&nbsp;A vous tous, amateurs d\u2019une musique conviviale et de haut niveau, appel est donc lanc\u00e9. La Philharmonie veut se faire connaitre et faire partager son amour de la musique. Ce site vous pr\u00e9sente et vous permet de suivre cette soci\u00e9t\u00e9 renomm\u00e9e, esp\u00e9rant vous donner l\u2019envie de la d\u00e9couvrir.<\/p>\r\n\r\n\r\n\r\n<p>La Philharmonie Royale Concordia compte en moyenne 40 musiciens non-professionnels. Tous sont anim\u00e9s d\u2019une m\u00eame passion pour la musique. Leurs motivations essentielles sont de faire de la musique ensemble, de d\u00e9couvrir et d\u2019appr\u00e9cier de nouvelles \u0153uvres ainsi que de parfaire leurs talents musicaux. L\u2019objectif final \u00e9tant la pleine satisfaction de son public.<\/p>\r\n\r\n\r\n\r\n<figure class=\"wp-block-image\"><img loading=\"lazy\" decoding=\"async\" data-attachment-id=\"56\" data-permalink=\"https:\/\/www.philharmonieroyaleconcordia.be\/?attachment_id=56\" data-orig-file=\"https:\/\/i0.wp.com\/www.philharmonieroyaleconcordia.be\/wp-content\/uploads\/2019\/03\/chef.gif?fit=554%2C565&amp;ssl=1\" data-orig-size=\"554,565\" data-comments-opened=\"1\" data-image-meta=\"{&quot;aperture&quot;:&quot;0&quot;,&quot;credit&quot;:&quot;&quot;,&quot;camera&quot;:&quot;&quot;,&quot;caption&quot;:&quot;&quot;,&quot;created_timestamp&quot;:&quot;0&quot;,&quot;copyright&quot;:&quot;&quot;,&quot;focal_length&quot;:&quot;0&quot;,&quot;iso&quot;:&quot;0&quot;,&quot;shutter_speed&quot;:&quot;0&quot;,&quot;title&quot;:&quot;&quot;,&quot;orientation&quot;:&quot;0&quot;}\" data-image-title=\"chef\" data-image-description=\"\" data-image-caption=\"\" data-medium-file=\"https:\/\/i0.wp.com\/www.philharmonieroyaleconcordia.be\/wp-content\/uploads\/2019\/03\/chef.gif?fit=294%2C300&amp;ssl=1\" data-large-file=\"https:\/\/i0.wp.com\/www.philharmonieroyaleconcordia.be\/wp-content\/uploads\/2019\/03\/chef.gif?fit=554%2C565&amp;ssl=1\" class=\"wp-image-56 size-medium aligncenter\" src=\"https:\/\/i0.wp.com\/www.philharmonieroyaleconcordia.be\/wp-content\/uploads\/2019\/03\/chef.gif?resize=294%2C300\" alt=\"\" width=\"294\" height=\"300\"  data-recalc-dims=\"1\">\r\n\r\n<\/figure>\r\n\r\n\r\n\r\n<p>Depuis sa cr\u00e9ation, la Philharmonie a confi\u00e9 la direction de son orchestre \u00e0 des musiciens talentueux et chevronn\u00e9s.<\/p>\r\n\r\n\r\n\r\n<p>Consciente de ce qu\u2019elle doit \u00e0 son chef et au savoir-faire des anciens directeurs de l\u2019orchestre, la Philharmonie base maintenant ses espoirs de d\u00e9veloppement sur les jeunes.<\/p>\r\n\r\n\r\n\r\n<p>Sa collaboration dynamique avec les acad\u00e9mies de musique de la r\u00e9gion d\u2019Ottignies est en cela prometteuse.<\/p>\r\n\r\n\r\n\r\n<p>L\u2019avenir de la Philharmonie Royale Concordia est encore synonyme d\u2019ouverture dans d\u2019autres domaines : ouvertures aux \u0153uvres contemporaines afin de mieux les faire connaitre, ouverture \u00e0 de nouveaux types de prestation (ch\u0153urs &#8211; spectacles &#8211; int\u00e9gration d\u2019autres formes d\u2019art), ouverture au monde par des \u00e9changes avec des ensembles instrumentaux et vocaux tant belges qu\u2019\u00e9trangers.<\/p>\r\n","protected":false},"excerpt":{"rendered":"<p>Cr\u00e9ation, initiative, sens des responsabilit\u00e9s et r\u00e9flexions, acceptation des autres, efforts sans cesse renouvel\u00e9s en qu\u00eate d\u2019une perfection. On pourrait sans doute penser que ce sont des mots un peu &hellip; <\/p>\n<p class=\"link-more\"><a href=\"https:\/\/www.philharmonieroyaleconcordia.be\/?page_id=22\" class=\"more-link\">Lire la suite de<span class=\"screen-reader-text\">\u00ab\u00a0Notre Vision\u00a0\u00bb<\/span><\/a><\/p>\n","protected":false},"author":1,"featured_media":0,"parent":0,"menu_order":0,"comment_status":"closed","ping_status":"closed","template":"","meta":{"ngg_post_thumbnail":0,"footnotes":""},"class_list":["post-22","page","type-page","status-publish","hentry"],"wppr_data":{"cwp_meta_box_check":"No"},"jetpack_sharing_enabled":true,"jetpack_shortlink":"https:\/\/wp.me\/PaLYOG-m","jetpack-related-posts":[{"id":19,"url":"https:\/\/www.philharmonieroyaleconcordia.be\/?page_id=19","url_meta":{"origin":22,"position":0},"title":"Histoire","date":"4 mars 2019","format":false,"excerpt":"Un peu d\u2019histoire Au d\u00e9but de l\u2019\u00e8re industrielle, nos r\u00e9gions ont vu na\u00eetre des fanfares subsidi\u00e9es par des entreprises. La premi\u00e8re station ferroviaire d\u2019Ottignies est mise en service en 1855 et re\u00e7oit un b\u00e2timent provisoire en 1858. En 1860, le chef de gare d\u2019Ottignies r\u00e9unit les musiciens, membres de son\u2026","rel":"","context":"Article similaire","img":{"alt_text":"","src":"","width":0,"height":0},"classes":[]},{"id":164,"url":"https:\/\/www.philharmonieroyaleconcordia.be\/?page_id=164","url_meta":{"origin":22,"position":1},"title":"Vous souhaitez rejoindre notre orchestre ?","date":"17 mars 2019","format":false,"excerpt":"Vous \u00eates musicien amateur et vous pratiquez un instrument d\u2019harmonie ? \ud83c\udfba\ud83c\udfb7\ud83c\udfb6 Vous avez d\u00e9j\u00e0 de la pratique et vous souhaitez rejoindre la Philharmonie d'Ottignies-Louvain-la- Neuve ? Contactez-nous d\u00e8s maintenant 0488 76 56 47 - Email - \u00a0Facebook - Instagram \u00a0 Nous r\u00e9p\u00e9tons tous les samedis de 9h30 \u00e0 12h00\u2026","rel":"","context":"Article similaire","img":{"alt_text":"","src":"","width":0,"height":0},"classes":[]},{"id":416,"url":"https:\/\/www.philharmonieroyaleconcordia.be\/?page_id=416","url_meta":{"origin":22,"position":2},"title":"Activit\u00e9s de nos musiciens","date":"12 avril 2019","format":false,"excerpt":"\u00a0 \u00a0","rel":"","context":"Article similaire","img":{"alt_text":"","src":"","width":0,"height":0},"classes":[]},{"id":24,"url":"https:\/\/www.philharmonieroyaleconcordia.be\/?page_id=24","url_meta":{"origin":22,"position":3},"title":"Musiciens","date":"6 avril 2021","format":false,"excerpt":"Directeur musical CANGE Serge Clarinette DELBECQUE Eva GRESSENS Genevi\u00e8ve NONHOFF Anne DAGNELIE Axelle GODART Maurice PARIS Daniel Clarinette basse COSY Monique Hautbois GARCIA Juan-Carlos Flutes GERARD Thomas LEJEUNE Val\u00e9rie POLOME Anne-Marie BEUN L\u00e9a VANDERCRUYSSEN Myriam DELVIGNE Catherine WARZEE M\u00e9line DUMONT Alice ABSIL Ana\u00efs GARCIA Ala\u00efs DEGOLS Cl\u00e9mence Saxophone altos PIETTE\u2026","rel":"","context":"Article similaire","img":{"alt_text":"","src":"https:\/\/i0.wp.com\/www.philharmonieroyaleconcordia.be\/wp-content\/uploads\/2023\/07\/serge-chef-cange-300x211.png?resize=350%2C200","width":350,"height":200},"classes":[]},{"id":2027,"url":"https:\/\/www.philharmonieroyaleconcordia.be\/?page_id=2027","url_meta":{"origin":22,"position":4},"title":"Nous contacter","date":"25 juillet 2023","format":false,"excerpt":"Philharmonie Royale Concordia d\u2019Ottignies A.S.B.L Si\u00e8ge social : Cour des Terres Noires, 4 - 1341 Ottignies \u2013 C\u00e9roux-Mousty Compte bancaire : BE62 0634 4100 3461 Nr d\u2019entreprise : 830.598.132 Adresse e-mail : orchestreprc@gmail.com GSM : 0488 76 56 47 \/ 0495 19 25 20 Page Facebook -\u00a0Page Instagram\u00a0 \u00a0 \u00a0\u2026","rel":"","context":"Article similaire","img":{"alt_text":"","src":"","width":0,"height":0},"classes":[]},{"id":167,"url":"https:\/\/www.philharmonieroyaleconcordia.be\/?page_id=167","url_meta":{"origin":22,"position":5},"title":"Vid\u00e9os","date":"17 mars 2019","format":false,"excerpt":"Cliquez sur le lien ci-dessous pour vous visionnez nos vid\u00e9os. \u00a0 \u00a0 Broadway Concert Night 2023 au SPOTT d'Ottignies (22 avril 2023). \"Concert de gala sur le th\u00eame des com\u00e9dies musicales\u00a0 - Direction Serge Cange Extrait de West Side Story (Mambo) Extrait de la Belle et la B\u00eate \u00a0 Extrait\u2026","rel":"","context":"Article similaire","img":{"alt_text":"","src":"","width":0,"height":0},"classes":[]}],"_links":{"self":[{"href":"https:\/\/www.philharmonieroyaleconcordia.be\/index.php?rest_route=\/wp\/v2\/pages\/22","targetHints":{"allow":["GET"]}}],"collection":[{"href":"https:\/\/www.philharmonieroyaleconcordia.be\/index.php?rest_route=\/wp\/v2\/pages"}],"about":[{"href":"https:\/\/www.philharmonieroyaleconcordia.be\/index.php?rest_route=\/wp\/v2\/types\/page"}],"author":[{"embeddable":true,"href":"https:\/\/www.philharmonieroyaleconcordia.be\/index.php?rest_route=\/wp\/v2\/users\/1"}],"replies":[{"embeddable":true,"href":"https:\/\/www.philharmonieroyaleconcordia.be\/index.php?rest_route=%2Fwp%2Fv2%2Fcomments&post=22"}],"version-history":[{"count":9,"href":"https:\/\/www.philharmonieroyaleconcordia.be\/index.php?rest_route=\/wp\/v2\/pages\/22\/revisions"}],"predecessor-version":[{"id":1581,"href":"https:\/\/www.philharmonieroyaleconcordia.be\/index.php?rest_route=\/wp\/v2\/pages\/22\/revisions\/1581"}],"wp:attachment":[{"href":"https:\/\/www.philharmonieroyaleconcordia.be\/index.php?rest_route=%2Fwp%2Fv2%2Fmedia&parent=22"}],"curies":[{"name":"wp","href":"https:\/\/api.w.org\/{rel}","templated":true}]}}