{"id":626,"date":"2020-01-26T07:26:29","date_gmt":"2020-01-26T06:26:29","guid":{"rendered":"http:\/\/www.philharmonieroyaleconcordia.be\/?page_id=626"},"modified":"2021-06-28T14:14:08","modified_gmt":"2021-06-28T12:14:08","slug":"lorchestre","status":"publish","type":"page","link":"https:\/\/www.philharmonieroyaleconcordia.be\/?page_id=626","title":{"rendered":"L&#8217;Orchestre"},"content":{"rendered":"<p>Vous trouverez, en cliquant sur la petite fl\u00e8che \u00e0 droite de mot <strong>orchestre <\/strong>dans le menu, diff\u00e9rents onglets vous pr\u00e9sentant notre vision, les membres, notre chef d&#8217;orchestre, etc.<\/p>\n","protected":false},"excerpt":{"rendered":"<p>Vous trouverez, en cliquant sur la petite fl\u00e8che \u00e0 droite de mot orchestre dans le menu, diff\u00e9rents onglets vous pr\u00e9sentant notre vision, les membres, notre chef d&#8217;orchestre, etc.<\/p>\n","protected":false},"author":2,"featured_media":0,"parent":0,"menu_order":0,"comment_status":"closed","ping_status":"closed","template":"","meta":{"ngg_post_thumbnail":0,"footnotes":""},"class_list":["post-626","page","type-page","status-publish","hentry"],"wppr_data":{"cwp_meta_box_check":"No"},"jetpack_sharing_enabled":true,"jetpack_shortlink":"https:\/\/wp.me\/PaLYOG-a6","jetpack-related-posts":[{"id":164,"url":"https:\/\/www.philharmonieroyaleconcordia.be\/?page_id=164","url_meta":{"origin":626,"position":0},"title":"Vous souhaitez rejoindre notre orchestre ?","date":"17 mars 2019","format":false,"excerpt":"Vous \u00eates musicien amateur et vous pratiquez un instrument d\u2019harmonie ? \ud83c\udfba\ud83c\udfb7\ud83c\udfb6 Vous avez d\u00e9j\u00e0 de la pratique et vous souhaitez rejoindre la Philharmonie d'Ottignies-Louvain-la- Neuve ? Contactez-nous d\u00e8s maintenant 0488 76 56 47 - Email - \u00a0Facebook - Instagram \u00a0 Nous r\u00e9p\u00e9tons tous les samedis de 9h30 \u00e0 12h00\u2026","rel":"","context":"Article similaire","img":{"alt_text":"","src":"","width":0,"height":0},"classes":[]},{"id":22,"url":"https:\/\/www.philharmonieroyaleconcordia.be\/?page_id=22","url_meta":{"origin":626,"position":1},"title":"Notre Vision","date":"4 mars 2019","format":false,"excerpt":"Cr\u00e9ation, initiative, sens des responsabilit\u00e9s et r\u00e9flexions, acceptation des autres, efforts sans cesse renouvel\u00e9s en qu\u00eate d\u2019une perfection. On pourrait sans doute penser que ce sont des mots un peu \u00e9trangers au monde de la musique. Et pourtant... Nous sommes tous convaincus de l\u2019int\u00e9r\u00eat de conserver vivante au sein de\u2026","rel":"","context":"Article similaire","img":{"alt_text":"","src":"https:\/\/i0.wp.com\/www.philharmonieroyaleconcordia.be\/wp-content\/uploads\/2019\/03\/Pol.jpg?resize=350%2C200&ssl=1","width":350,"height":200},"classes":[]},{"id":19,"url":"https:\/\/www.philharmonieroyaleconcordia.be\/?page_id=19","url_meta":{"origin":626,"position":2},"title":"Histoire","date":"4 mars 2019","format":false,"excerpt":"Un peu d\u2019histoire Au d\u00e9but de l\u2019\u00e8re industrielle, nos r\u00e9gions ont vu na\u00eetre des fanfares subsidi\u00e9es par des entreprises. La premi\u00e8re station ferroviaire d\u2019Ottignies est mise en service en 1855 et re\u00e7oit un b\u00e2timent provisoire en 1858. En 1860, le chef de gare d\u2019Ottignies r\u00e9unit les musiciens, membres de son\u2026","rel":"","context":"Article similaire","img":{"alt_text":"","src":"","width":0,"height":0},"classes":[]},{"id":2027,"url":"https:\/\/www.philharmonieroyaleconcordia.be\/?page_id=2027","url_meta":{"origin":626,"position":3},"title":"Nous contacter","date":"25 juillet 2023","format":false,"excerpt":"Philharmonie Royale Concordia d\u2019Ottignies A.S.B.L Si\u00e8ge social : Cour des Terres Noires, 4 - 1341 Ottignies \u2013 C\u00e9roux-Mousty Compte bancaire : BE62 0634 4100 3461 Nr d\u2019entreprise : 830.598.132 Adresse e-mail : orchestreprc@gmail.com GSM : 0488 76 56 47 \/ 0495 19 25 20 Page Facebook -\u00a0Page Instagram\u00a0 \u00a0 \u00a0\u2026","rel":"","context":"Article similaire","img":{"alt_text":"","src":"","width":0,"height":0},"classes":[]},{"id":444,"url":"https:\/\/www.philharmonieroyaleconcordia.be\/?page_id=444","url_meta":{"origin":626,"position":4},"title":"Direction musicale","date":"6 mai 2019","format":false,"excerpt":"Serge CANGE Serge a d\u00e9but\u00e9 la musique \u00e0 13 ans au sein de l'harmonie \" Renouveau Musical\" de Genappe en 1981 dont il a repris\u00a0 la direction musicale depuis 1989. Il a tr\u00e8s vite suivi des cours de trompette \u00e0 l'Acad\u00e9mie d'Ottignies ( Court St Etienne ) dans la classe\u2026","rel":"","context":"Article similaire","img":{"alt_text":"","src":"https:\/\/i0.wp.com\/www.philharmonieroyaleconcordia.be\/wp-content\/uploads\/2019\/06\/s-251x300.jpg?resize=350%2C200","width":350,"height":200},"classes":[]}],"_links":{"self":[{"href":"https:\/\/www.philharmonieroyaleconcordia.be\/index.php?rest_route=\/wp\/v2\/pages\/626","targetHints":{"allow":["GET"]}}],"collection":[{"href":"https:\/\/www.philharmonieroyaleconcordia.be\/index.php?rest_route=\/wp\/v2\/pages"}],"about":[{"href":"https:\/\/www.philharmonieroyaleconcordia.be\/index.php?rest_route=\/wp\/v2\/types\/page"}],"author":[{"embeddable":true,"href":"https:\/\/www.philharmonieroyaleconcordia.be\/index.php?rest_route=\/wp\/v2\/users\/2"}],"replies":[{"embeddable":true,"href":"https:\/\/www.philharmonieroyaleconcordia.be\/index.php?rest_route=%2Fwp%2Fv2%2Fcomments&post=626"}],"version-history":[{"count":4,"href":"https:\/\/www.philharmonieroyaleconcordia.be\/index.php?rest_route=\/wp\/v2\/pages\/626\/revisions"}],"predecessor-version":[{"id":920,"href":"https:\/\/www.philharmonieroyaleconcordia.be\/index.php?rest_route=\/wp\/v2\/pages\/626\/revisions\/920"}],"wp:attachment":[{"href":"https:\/\/www.philharmonieroyaleconcordia.be\/index.php?rest_route=%2Fwp%2Fv2%2Fmedia&parent=626"}],"curies":[{"name":"wp","href":"https:\/\/api.w.org\/{rel}","templated":true}]}}