{"id":1370,"date":"2022-10-08T17:36:52","date_gmt":"2022-10-08T15:36:52","guid":{"rendered":"http:\/\/www.philharmonieroyaleconcordia.be\/?post_type=tribe_events&#038;p=1370"},"modified":"2022-10-08T17:36:52","modified_gmt":"2022-10-08T15:36:52","slug":"prestation-a-jauche","status":"publish","type":"tribe_events","link":"https:\/\/www.philharmonieroyaleconcordia.be\/?tribe_events=prestation-a-jauche","title":{"rendered":"Prestation \u00e0 Jauche"},"content":{"rendered":"<p>La F\u00e9d\u00e9ration, en collaboration avec les Fanfares de Jauche, organise&nbsp;un festival \u00e0 l\u2019occasion des 25 ans de pr\u00e9sidence d\u2019Adelin Hanquin.<\/p>\n<p><span style=\"text-decoration: underline;\"><strong><span class=\"event-details-label\">Lieu <\/span><\/strong><\/span><strong><span class=\"event-details-label\">: <\/span><\/strong><span class=\"event-where\">Salle de l&#8217;entit\u00e9, Rue de la Gare 14b, 1350 Orp-Jauche, Belgique (<a class=\"menu-link\" href=\"https:\/\/maps.google.com\/maps?hl=fr&amp;q=Salle%20de%20l%27entit%C3%A9%2C%20Rue%20de%20la%20Gare%2014b%2C%201350%20Orp-Jauche%2C%20Belgique\" target=\"_blank\" rel=\"noopener\">plan<\/a>)<\/span><\/p>\n<p><b><u>Timin<\/u><span style=\"text-decoration: underline;\">g<\/span><\/b><b> : <\/b>Nous jouons de 15h30 \u00e0 16h30.<\/p>\n<p>&nbsp;<\/p>\n","protected":false},"excerpt":{"rendered":"<p>La F\u00e9d\u00e9ration, en collaboration avec les Fanfares de Jauche, organise&nbsp;un festival \u00e0 l\u2019occasion des 25 ans de pr\u00e9sidence d\u2019Adelin Hanquin. Lieu : Salle de l&#8217;entit\u00e9, Rue de la Gare 14b, &hellip; <\/p>\n<p class=\"link-more\"><a href=\"https:\/\/www.philharmonieroyaleconcordia.be\/?tribe_events=prestation-a-jauche\" class=\"more-link\">Lire la suite de<span class=\"screen-reader-text\">\u00ab\u00a0Prestation \u00e0 Jauche\u00a0\u00bb<\/span><\/a><\/p>\n","protected":false},"author":14,"featured_media":1141,"comment_status":"open","ping_status":"closed","template":"","meta":{"ngg_post_thumbnail":0,"_tribe_events_status":"","_tribe_events_status_reason":"","footnotes":""},"tags":[],"tribe_events_cat":[5],"class_list":["post-1370","tribe_events","type-tribe_events","status-publish","has-post-thumbnail","hentry","tribe_events_cat-concerts","cat_concerts"],"wppr_data":{"cwp_meta_box_check":"No"},"jetpack_sharing_enabled":true,"_links":{"self":[{"href":"https:\/\/www.philharmonieroyaleconcordia.be\/index.php?rest_route=\/wp\/v2\/tribe_events\/1370","targetHints":{"allow":["GET"]}}],"collection":[{"href":"https:\/\/www.philharmonieroyaleconcordia.be\/index.php?rest_route=\/wp\/v2\/tribe_events"}],"about":[{"href":"https:\/\/www.philharmonieroyaleconcordia.be\/index.php?rest_route=\/wp\/v2\/types\/tribe_events"}],"author":[{"embeddable":true,"href":"https:\/\/www.philharmonieroyaleconcordia.be\/index.php?rest_route=\/wp\/v2\/users\/14"}],"replies":[{"embeddable":true,"href":"https:\/\/www.philharmonieroyaleconcordia.be\/index.php?rest_route=%2Fwp%2Fv2%2Fcomments&post=1370"}],"version-history":[{"count":1,"href":"https:\/\/www.philharmonieroyaleconcordia.be\/index.php?rest_route=\/wp\/v2\/tribe_events\/1370\/revisions"}],"predecessor-version":[{"id":1371,"href":"https:\/\/www.philharmonieroyaleconcordia.be\/index.php?rest_route=\/wp\/v2\/tribe_events\/1370\/revisions\/1371"}],"wp:featuredmedia":[{"embeddable":true,"href":"https:\/\/www.philharmonieroyaleconcordia.be\/index.php?rest_route=\/wp\/v2\/media\/1141"}],"wp:attachment":[{"href":"https:\/\/www.philharmonieroyaleconcordia.be\/index.php?rest_route=%2Fwp%2Fv2%2Fmedia&parent=1370"}],"wp:term":[{"taxonomy":"post_tag","embeddable":true,"href":"https:\/\/www.philharmonieroyaleconcordia.be\/index.php?rest_route=%2Fwp%2Fv2%2Ftags&post=1370"},{"taxonomy":"tribe_events_cat","embeddable":true,"href":"https:\/\/www.philharmonieroyaleconcordia.be\/index.php?rest_route=%2Fwp%2Fv2%2Ftribe_events_cat&post=1370"}],"curies":[{"name":"wp","href":"https:\/\/api.w.org\/{rel}","templated":true}]}}

Prestation à Jauche

<p>La Fédération, en collaboration avec les Fanfares de Jauche, organise&nbsp;un festival à l’occasion des 25 ans de présidence d’Adelin Hanquin.</p>
<p><span style="text-decoration: underline;"><strong><span class="event-details-label">Lieu </span></strong></span><strong><span class="event-details-label">: </span></strong><span class="event-where">Salle de l&#8217;entité, Rue de la Gare 14b, 1350 Orp-Jauche, Belgique (<a class="menu-link" href="https://maps.google.com/maps?hl=fr&amp;q=Salle%20de%20l%27entit%C3%A9%2C%20Rue%20de%20la%20Gare%2014b%2C%201350%20Orp-Jauche%2C%20Belgique" target="_blank" rel="noopener">plan</a>)</span></p>
<p><b><u>Timin</u><span style="text-decoration: underline;">g</span></b><b> : </b>Nous jouons de 15h30 à 16h30.</p>
<p>&nbsp;</p>

<p>La Fédération, en collaboration avec les Fanfares de Jauche, organise&nbsp;un festival à l’occasion des 25 ans de présidence d’Adelin Hanquin. Lieu : Salle de l&#8217;entité, Rue de la Gare 14b, &hellip; </p>
<p class="link-more"><a href="https://www.philharmonieroyaleconcordia.be/?tribe_events=prestation-a-jauche" class="more-link">Lire la suite de<span class="screen-reader-text">« Prestation à Jauche »</span></a></p>
