{"id":1376,"date":"2022-10-17T13:50:48","date_gmt":"2022-10-17T11:50:48","guid":{"rendered":"http:\/\/www.philharmonieroyaleconcordia.be\/?post_type=tribe_events&#038;p=1376"},"modified":"2022-10-17T13:50:48","modified_gmt":"2022-10-17T11:50:48","slug":"ceremonie-du-ravivage-de-la-flamme","status":"publish","type":"tribe_events","link":"https:\/\/www.philharmonieroyaleconcordia.be\/?tribe_events=ceremonie-du-ravivage-de-la-flamme","title":{"rendered":"C\u00e9r\u00e9monie du ravivage de la Flamme"},"content":{"rendered":"<div id=\"5-20221105\" class=\"event-summary-expanded\">\n<div>Ce samedi 5 novembre, la Philharmonie Royale Concordia d&#8217;OLLN rehaussera de sa pr\u00e9sence le <span class=\"event-title\">Ravivage de la flamme du souvenir<\/span> organis\u00e9es par le CHAGO et la Commune d&#8217;OLLN.<\/div>\n<div>&nbsp;<\/div>\n<div><span class=\"event-title\">Pour l&#8217;occasion, la Philharmonie Royale Concordia d&#8217;OLLN vous convie \u00e0 son concert et prestation patriotique.<\/span><\/div>\n<\/div>\n<div id=\"details-5-20221105\" class=\"event-details\">\n<div class=\"event-details-inner\">\n<div class=\"detail-item\">&nbsp;<\/div>\n<div class=\"detail-item\"><span style=\"text-decoration: underline;\"><strong><span class=\"event-details-label\">Lieu<\/span><\/strong><\/span><strong><span class=\"event-details-label\"> : <\/span><\/strong><span class=\"event-where\">Administration communale d&#8217;Ottignies-Louvain-la-Neuve &#8211; Enseignement, Av. des Combattants 35, 1340 Ottignies-Louvain-la-Neuve, Belgique (<a class=\"menu-link\" href=\"https:\/\/maps.google.com\/maps?hl=fr&amp;q=Administration%20communale%20d%27Ottignies-Louvain-la-Neuve%20-%20Enseignement%2C%20Av.%20des%20Combattants%2035%2C%201340%20Ottignies-Louvain-la-Neuve%2C%20Belgique\" target=\"_blank\" rel=\"noopener\">plan<\/a>)<\/span><\/div>\n<div class=\"detail-item\">\n<b><u>Timing<\/u><\/b><b>&nbsp;:<u><\/u><\/b><\/p>\n<p>Le rendez-vous est fix\u00e9 \u00e0 15h15 pour l\u2019installation du mat\u00e9riel.<\/p>\n<p>Nous jouons de 15h30 \u00e0 16h30, ensuite d\u00e9part en cort\u00e8ge pour le Ravivage de la Flamme.<\/p>\n<p><b><u>Programm<wbr>e musical<\/u><\/b>&nbsp;:<\/p>\n<p>&#8211;&nbsp;The great escape<\/p>\n<p>-Gitele ( ensemble clarinettes )<\/p>\n<p>-Hymn to the fallen<\/p>\n<p>-Nous sommes pr\u00eats ( nous vaincrons )<\/p>\n<p>-The fairest of the fair<\/p>\n<p>-Band of brothers<\/p>\n<p>-Colone<wbr>l Bogey<\/p>\n<p>-Glenn Miller Medley<\/p>\n<\/div>\n<\/div>\n<\/div>\n","protected":false},"excerpt":{"rendered":"<p>Ce samedi 5 novembre, la Philharmonie Royale Concordia d&#8217;OLLN rehaussera de sa pr\u00e9sence le Ravivage de la flamme du souvenir organis\u00e9es par le CHAGO et la Commune d&#8217;OLLN. &nbsp; Pour &hellip; <\/p>\n<p class=\"link-more\"><a href=\"https:\/\/www.philharmonieroyaleconcordia.be\/?tribe_events=ceremonie-du-ravivage-de-la-flamme\" class=\"more-link\">Lire la suite de<span class=\"screen-reader-text\">\u00ab\u00a0C\u00e9r\u00e9monie du ravivage de la Flamme\u00a0\u00bb<\/span><\/a><\/p>\n","protected":false},"author":14,"featured_media":1222,"comment_status":"open","ping_status":"closed","template":"","meta":{"ngg_post_thumbnail":0,"_tribe_events_status":"","_tribe_events_status_reason":"","footnotes":""},"tags":[],"tribe_events_cat":[5,9],"class_list":["post-1376","tribe_events","type-tribe_events","status-publish","has-post-thumbnail","hentry","tribe_events_cat-concerts","tribe_events_cat-pp","cat_concerts","cat_pp"],"wppr_data":{"cwp_meta_box_check":"No"},"jetpack_sharing_enabled":true,"_links":{"self":[{"href":"https:\/\/www.philharmonieroyaleconcordia.be\/index.php?rest_route=\/wp\/v2\/tribe_events\/1376","targetHints":{"allow":["GET"]}}],"collection":[{"href":"https:\/\/www.philharmonieroyaleconcordia.be\/index.php?rest_route=\/wp\/v2\/tribe_events"}],"about":[{"href":"https:\/\/www.philharmonieroyaleconcordia.be\/index.php?rest_route=\/wp\/v2\/types\/tribe_events"}],"author":[{"embeddable":true,"href":"https:\/\/www.philharmonieroyaleconcordia.be\/index.php?rest_route=\/wp\/v2\/users\/14"}],"replies":[{"embeddable":true,"href":"https:\/\/www.philharmonieroyaleconcordia.be\/index.php?rest_route=%2Fwp%2Fv2%2Fcomments&post=1376"}],"version-history":[{"count":1,"href":"https:\/\/www.philharmonieroyaleconcordia.be\/index.php?rest_route=\/wp\/v2\/tribe_events\/1376\/revisions"}],"predecessor-version":[{"id":1377,"href":"https:\/\/www.philharmonieroyaleconcordia.be\/index.php?rest_route=\/wp\/v2\/tribe_events\/1376\/revisions\/1377"}],"wp:featuredmedia":[{"embeddable":true,"href":"https:\/\/www.philharmonieroyaleconcordia.be\/index.php?rest_route=\/wp\/v2\/media\/1222"}],"wp:attachment":[{"href":"https:\/\/www.philharmonieroyaleconcordia.be\/index.php?rest_route=%2Fwp%2Fv2%2Fmedia&parent=1376"}],"wp:term":[{"taxonomy":"post_tag","embeddable":true,"href":"https:\/\/www.philharmonieroyaleconcordia.be\/index.php?rest_route=%2Fwp%2Fv2%2Ftags&post=1376"},{"taxonomy":"tribe_events_cat","embeddable":true,"href":"https:\/\/www.philharmonieroyaleconcordia.be\/index.php?rest_route=%2Fwp%2Fv2%2Ftribe_events_cat&post=1376"}],"curies":[{"name":"wp","href":"https:\/\/api.w.org\/{rel}","templated":true}]}}

Cérémonie du ravivage de la Flamme

<div id="5-20221105" class="event-summary-expanded">
<div>Ce samedi 5 novembre, la Philharmonie Royale Concordia d&#8217;OLLN rehaussera de sa présence le <span class="event-title">Ravivage de la flamme du souvenir</span> organisées par le CHAGO et la Commune d&#8217;OLLN.</div>
<div>&nbsp;</div>
<div><span class="event-title">Pour l&#8217;occasion, la Philharmonie Royale Concordia d&#8217;OLLN vous convie à son concert et prestation patriotique.</span></div>
</div>
<div id="details-5-20221105" class="event-details">
<div class="event-details-inner">
<div class="detail-item">&nbsp;</div>
<div class="detail-item"><span style="text-decoration: underline;"><strong><span class="event-details-label">Lieu</span></strong></span><strong><span class="event-details-label"> : </span></strong><span class="event-where">Administration communale d&#8217;Ottignies-Louvain-la-Neuve &#8211; Enseignement, Av. des Combattants 35, 1340 Ottignies-Louvain-la-Neuve, Belgique (<a class="menu-link" href="https://maps.google.com/maps?hl=fr&amp;q=Administration%20communale%20d%27Ottignies-Louvain-la-Neuve%20-%20Enseignement%2C%20Av.%20des%20Combattants%2035%2C%201340%20Ottignies-Louvain-la-Neuve%2C%20Belgique" target="_blank" rel="noopener">plan</a>)</span></div>
<div class="detail-item">
<b><u>Timing</u></b><b>&nbsp;:<u></u></b></p>
<p>Le rendez-vous est fixé à 15h15 pour l’installation du matériel.</p>
<p>Nous jouons de 15h30 à 16h30, ensuite départ en cortège pour le Ravivage de la Flamme.</p>
<p><b><u>Programm<wbr>e musical</u></b>&nbsp;:</p>
<p>&#8211;&nbsp;The great escape</p>
<p>-Gitele ( ensemble clarinettes )</p>
<p>-Hymn to the fallen</p>
<p>-Nous sommes prêts ( nous vaincrons )</p>
<p>-The fairest of the fair</p>
<p>-Band of brothers</p>
<p>-Colone<wbr>l Bogey</p>
<p>-Glenn Miller Medley</p>
</div>
</div>
</div>

<p>Ce samedi 5 novembre, la Philharmonie Royale Concordia d&#8217;OLLN rehaussera de sa présence le Ravivage de la flamme du souvenir organisées par le CHAGO et la Commune d&#8217;OLLN. &nbsp; Pour &hellip; </p>
<p class="link-more"><a href="https://www.philharmonieroyaleconcordia.be/?tribe_events=ceremonie-du-ravivage-de-la-flamme" class="more-link">Lire la suite de<span class="screen-reader-text">« Cérémonie du ravivage de la Flamme »</span></a></p>
