{"id":1418,"date":"2023-05-01T12:12:47","date_gmt":"2023-05-01T10:12:47","guid":{"rendered":"http:\/\/www.philharmonieroyaleconcordia.be\/?post_type=tribe_events&#038;p=1418"},"modified":"2023-05-01T12:12:47","modified_gmt":"2023-05-01T10:12:47","slug":"la-commemoration-de-la-liberation-des-camps","status":"publish","type":"tribe_events","link":"https:\/\/www.philharmonieroyaleconcordia.be\/?tribe_events=la-commemoration-de-la-liberation-des-camps","title":{"rendered":"La comm\u00e9moration de la lib\u00e9ration des camps"},"content":{"rendered":"<p><strong><span class=\"x3nfvp2 x1j61x8r x1fcty0u xdj266r xhhsvwb xat24cr xgzva0m xxymvpz xlup9mm x1kky2od\"><img loading=\"lazy\" decoding=\"async\" src=\"https:\/\/static.xx.fbcdn.net\/images\/emoji.php\/v9\/t25\/1.5\/16\/1f3bc.png\" alt=\"\ud83c\udfbc\" width=\"16\" height=\"16\"><\/span> La Philharmonie Royale Concordia d\u2019Ottignies-LLN, sous l\u2019\u00e9gide de la Ville d\u2019Ottignies Louvain-la-Neuve, vous invite \u00e0 la comm\u00e9moration de la lib\u00e9ration des camps ce mardi 16 mai \u00e0 13h00 jusqu&#8217;\u00e0 16h00. Un bus est pr\u00e9vu pour les d\u00e9placements. Ensuite nous prendrons un verre de l&#8217;amiti\u00e9.&nbsp;<\/strong><\/p>\n<p>&nbsp;<\/p>\n<p class=\"x_MsoNormal\"><b>Programme musical<\/b>&nbsp;:<\/p>\n<p class=\"x_MsoNormal\">&#8211; Sonnerie aux Champs<br aria-hidden=\"true\">&#8211; La Braban\u00e7onne<br aria-hidden=\"true\">&#8211; Marche de l&#8217;Ecole Royale Militaire<\/p>\n<p class=\"x_MsoNormal\">&#8211;&nbsp;Marche&nbsp;du 1ier Grenadiers<\/p>\n<p class=\"x_MsoNormal\">&#8211; Le Chant des Partisans<br aria-hidden=\"true\">&#8211; Last Post<\/p>\n<p>&nbsp;<\/p>\n<p><strong>Histoire<\/strong> :<\/p>\n<p>Ottignies, C\u00e9roux-Mousty et Limelette ont \u00e9t\u00e9 particuli\u00e8rement touch\u00e9es par la seconde guerre mondiale. De nombreux citoyens se sont engag\u00e9s et ont pay\u00e9 de leur vie pour prot\u00e9ger leurs familles et leurs valeurs.<br \/>\nLa comm\u00e9moration de la lib\u00e9ration des camps et la c\u00e9r\u00e9monie au monument Brumagne sont des&nbsp;hommages rendu devant les monuments aux morts de la Ville d\u2019Ottignies Louvain-la-Neuve. Des&nbsp;t\u00e9moins directs ou indirects des faits de guerre sont invit\u00e9s lors des ces hommages qui se veulent \u00eatre&nbsp;une transmission de la m\u00e9moire par l\u2019implication des \u00e9coles de l\u2019entit\u00e9.<\/p>\n","protected":false},"excerpt":{"rendered":"<p>La Philharmonie Royale Concordia d\u2019Ottignies-LLN, sous l\u2019\u00e9gide de la Ville d\u2019Ottignies Louvain-la-Neuve, vous invite \u00e0 la comm\u00e9moration de la lib\u00e9ration des camps ce mardi 16 mai \u00e0 13h00 jusqu&#8217;\u00e0 16h00. &hellip; <\/p>\n<p class=\"link-more\"><a href=\"https:\/\/www.philharmonieroyaleconcordia.be\/?tribe_events=la-commemoration-de-la-liberation-des-camps\" class=\"more-link\">Lire la suite de<span class=\"screen-reader-text\">\u00ab\u00a0La comm\u00e9moration de la lib\u00e9ration des camps\u00a0\u00bb<\/span><\/a><\/p>\n","protected":false},"author":14,"featured_media":1244,"comment_status":"open","ping_status":"closed","template":"","meta":{"ngg_post_thumbnail":0,"_tribe_events_status":"","_tribe_events_status_reason":"","footnotes":""},"tags":[],"tribe_events_cat":[9],"class_list":["post-1418","tribe_events","type-tribe_events","status-publish","has-post-thumbnail","hentry","tribe_events_cat-pp","cat_pp"],"wppr_data":{"cwp_meta_box_check":"No"},"jetpack_sharing_enabled":true,"_links":{"self":[{"href":"https:\/\/www.philharmonieroyaleconcordia.be\/index.php?rest_route=\/wp\/v2\/tribe_events\/1418","targetHints":{"allow":["GET"]}}],"collection":[{"href":"https:\/\/www.philharmonieroyaleconcordia.be\/index.php?rest_route=\/wp\/v2\/tribe_events"}],"about":[{"href":"https:\/\/www.philharmonieroyaleconcordia.be\/index.php?rest_route=\/wp\/v2\/types\/tribe_events"}],"author":[{"embeddable":true,"href":"https:\/\/www.philharmonieroyaleconcordia.be\/index.php?rest_route=\/wp\/v2\/users\/14"}],"replies":[{"embeddable":true,"href":"https:\/\/www.philharmonieroyaleconcordia.be\/index.php?rest_route=%2Fwp%2Fv2%2Fcomments&post=1418"}],"version-history":[{"count":1,"href":"https:\/\/www.philharmonieroyaleconcordia.be\/index.php?rest_route=\/wp\/v2\/tribe_events\/1418\/revisions"}],"predecessor-version":[{"id":1419,"href":"https:\/\/www.philharmonieroyaleconcordia.be\/index.php?rest_route=\/wp\/v2\/tribe_events\/1418\/revisions\/1419"}],"wp:featuredmedia":[{"embeddable":true,"href":"https:\/\/www.philharmonieroyaleconcordia.be\/index.php?rest_route=\/wp\/v2\/media\/1244"}],"wp:attachment":[{"href":"https:\/\/www.philharmonieroyaleconcordia.be\/index.php?rest_route=%2Fwp%2Fv2%2Fmedia&parent=1418"}],"wp:term":[{"taxonomy":"post_tag","embeddable":true,"href":"https:\/\/www.philharmonieroyaleconcordia.be\/index.php?rest_route=%2Fwp%2Fv2%2Ftags&post=1418"},{"taxonomy":"tribe_events_cat","embeddable":true,"href":"https:\/\/www.philharmonieroyaleconcordia.be\/index.php?rest_route=%2Fwp%2Fv2%2Ftribe_events_cat&post=1418"}],"curies":[{"name":"wp","href":"https:\/\/api.w.org\/{rel}","templated":true}]}}

La commémoration de la libération des camps

<p><strong><span class="x3nfvp2 x1j61x8r x1fcty0u xdj266r xhhsvwb xat24cr xgzva0m xxymvpz xlup9mm x1kky2od"><img loading="lazy" decoding="async" src="https://static.xx.fbcdn.net/images/emoji.php/v9/t25/1.5/16/1f3bc.png" alt="🎼" width="16" height="16"></span> La Philharmonie Royale Concordia d’Ottignies-LLN, sous l’égide de la Ville d’Ottignies Louvain-la-Neuve, vous invite à la commémoration de la libération des camps ce mardi 16 mai à 13h00 jusqu&#8217;à 16h00. Un bus est prévu pour les déplacements. Ensuite nous prendrons un verre de l&#8217;amitié.&nbsp;</strong></p>
<p>&nbsp;</p>
<p class="x_MsoNormal"><b>Programme musical</b>&nbsp;:</p>
<p class="x_MsoNormal">&#8211; Sonnerie aux Champs<br aria-hidden="true">&#8211; La Brabançonne<br aria-hidden="true">&#8211; Marche de l&#8217;Ecole Royale Militaire</p>
<p class="x_MsoNormal">&#8211;&nbsp;Marche&nbsp;du 1ier Grenadiers</p>
<p class="x_MsoNormal">&#8211; Le Chant des Partisans<br aria-hidden="true">&#8211; Last Post</p>
<p>&nbsp;</p>
<p><strong>Histoire</strong> :</p>
<p>Ottignies, Céroux-Mousty et Limelette ont été particulièrement touchées par la seconde guerre mondiale. De nombreux citoyens se sont engagés et ont payé de leur vie pour protéger leurs familles et leurs valeurs.<br />
La commémoration de la libération des camps et la cérémonie au monument Brumagne sont des&nbsp;hommages rendu devant les monuments aux morts de la Ville d’Ottignies Louvain-la-Neuve. Des&nbsp;témoins directs ou indirects des faits de guerre sont invités lors des ces hommages qui se veulent être&nbsp;une transmission de la mémoire par l’implication des écoles de l’entité.</p>

<p>La Philharmonie Royale Concordia d’Ottignies-LLN, sous l’égide de la Ville d’Ottignies Louvain-la-Neuve, vous invite à la commémoration de la libération des camps ce mardi 16 mai à 13h00 jusqu&#8217;à 16h00. &hellip; </p>
<p class="link-more"><a href="https://www.philharmonieroyaleconcordia.be/?tribe_events=la-commemoration-de-la-liberation-des-camps" class="more-link">Lire la suite de<span class="screen-reader-text">« La commémoration de la libération des camps »</span></a></p>
