{"id":2145,"date":"2023-10-17T12:07:26","date_gmt":"2023-10-17T10:07:26","guid":{"rendered":"http:\/\/www.philharmonieroyaleconcordia.be\/?post_type=tribe_events&#038;p=2145"},"modified":"2023-10-30T12:05:17","modified_gmt":"2023-10-30T11:05:17","slug":"prestation-patriotique-ravivage-de-la-flamme-du-souvenir-2","status":"publish","type":"tribe_events","link":"https:\/\/www.philharmonieroyaleconcordia.be\/?tribe_events=prestation-patriotique-ravivage-de-la-flamme-du-souvenir-2","title":{"rendered":"Prestation patriotique &#8211; Ravivage de la flamme du souvenir"},"content":{"rendered":"<p><b><u>Timing<\/u><\/b><b>&nbsp;:<u><\/u><\/b><\/p>\n<p>Le rendez-vous est fix\u00e9 \u00e0 17h00 \u00e0 la Salle de l&#8217;H\u00f4tel de Ville.<\/p>\n<p>Ensuite formation du&nbsp;cort\u00e8ge pour le Ravivage de la Flamme.<\/p>\n<p><b><u>Programme musical<\/u><\/b>&nbsp;:<\/p>\n<p>&#8211; Marche de l&#8217;Ecole Royale&nbsp;Militaire<\/p>\n<p>&#8211; Marche du 1er Grenadier<\/p>\n<p>&#8211; Ave Maria<\/p>\n<p>&#8211; Braban\u00e7onne<\/p>\n<p>&#8211; Hymne Europ\u00e9en<\/p>\n<p><b><u>Tenue<\/u><\/b><b>&nbsp;(v\u00eatement chaud pour l&#8217;ext\u00e9rieur) :<\/b><\/p>\n<p>Musiciens&nbsp;: costume noir, chemise blanche, cravate Ottintoise<\/p>\n<p>Musiciennes&nbsp;: tenue noire, chemisier blanc<\/p>\n","protected":false},"excerpt":{"rendered":"<p>Timing&nbsp;: Le rendez-vous est fix\u00e9 \u00e0 17h00 \u00e0 la Salle de l&#8217;H\u00f4tel de Ville. Ensuite formation du&nbsp;cort\u00e8ge pour le Ravivage de la Flamme. Programme musical&nbsp;: &#8211; Marche de l&#8217;Ecole Royale&nbsp;Militaire &hellip; <\/p>\n<p class=\"link-more\"><a href=\"https:\/\/www.philharmonieroyaleconcordia.be\/?tribe_events=prestation-patriotique-ravivage-de-la-flamme-du-souvenir-2\" class=\"more-link\">Lire la suite de<span class=\"screen-reader-text\">\u00ab\u00a0Prestation patriotique &#8211; Ravivage de la flamme du souvenir\u00a0\u00bb<\/span><\/a><\/p>\n","protected":false},"author":14,"featured_media":0,"comment_status":"open","ping_status":"closed","template":"","meta":{"ngg_post_thumbnail":0,"_tribe_events_status":"","_tribe_events_status_reason":"","footnotes":""},"tags":[],"tribe_events_cat":[],"class_list":["post-2145","tribe_events","type-tribe_events","status-publish","hentry"],"wppr_data":{"cwp_meta_box_check":"No"},"jetpack_sharing_enabled":true,"_links":{"self":[{"href":"https:\/\/www.philharmonieroyaleconcordia.be\/index.php?rest_route=\/wp\/v2\/tribe_events\/2145","targetHints":{"allow":["GET"]}}],"collection":[{"href":"https:\/\/www.philharmonieroyaleconcordia.be\/index.php?rest_route=\/wp\/v2\/tribe_events"}],"about":[{"href":"https:\/\/www.philharmonieroyaleconcordia.be\/index.php?rest_route=\/wp\/v2\/types\/tribe_events"}],"author":[{"embeddable":true,"href":"https:\/\/www.philharmonieroyaleconcordia.be\/index.php?rest_route=\/wp\/v2\/users\/14"}],"replies":[{"embeddable":true,"href":"https:\/\/www.philharmonieroyaleconcordia.be\/index.php?rest_route=%2Fwp%2Fv2%2Fcomments&post=2145"}],"version-history":[{"count":3,"href":"https:\/\/www.philharmonieroyaleconcordia.be\/index.php?rest_route=\/wp\/v2\/tribe_events\/2145\/revisions"}],"predecessor-version":[{"id":2168,"href":"https:\/\/www.philharmonieroyaleconcordia.be\/index.php?rest_route=\/wp\/v2\/tribe_events\/2145\/revisions\/2168"}],"wp:attachment":[{"href":"https:\/\/www.philharmonieroyaleconcordia.be\/index.php?rest_route=%2Fwp%2Fv2%2Fmedia&parent=2145"}],"wp:term":[{"taxonomy":"post_tag","embeddable":true,"href":"https:\/\/www.philharmonieroyaleconcordia.be\/index.php?rest_route=%2Fwp%2Fv2%2Ftags&post=2145"},{"taxonomy":"tribe_events_cat","embeddable":true,"href":"https:\/\/www.philharmonieroyaleconcordia.be\/index.php?rest_route=%2Fwp%2Fv2%2Ftribe_events_cat&post=2145"}],"curies":[{"name":"wp","href":"https:\/\/api.w.org\/{rel}","templated":true}]}}

<p><b><u>Timing</u></b><b>&nbsp;:<u></u></b></p>
<p>Le rendez-vous est fixé à 17h00 à la Salle de l&#8217;Hôtel de Ville.</p>
<p>Ensuite formation du&nbsp;cortège pour le Ravivage de la Flamme.</p>
<p><b><u>Programme musical</u></b>&nbsp;:</p>
<p>&#8211; Marche de l&#8217;Ecole Royale&nbsp;Militaire</p>
<p>&#8211; Marche du 1er Grenadier</p>
<p>&#8211; Ave Maria</p>
<p>&#8211; Brabançonne</p>
<p>&#8211; Hymne Européen</p>
<p><b><u>Tenue</u></b><b>&nbsp;(vêtement chaud pour l&#8217;extérieur) :</b></p>
<p>Musiciens&nbsp;: costume noir, chemise blanche, cravate Ottintoise</p>
<p>Musiciennes&nbsp;: tenue noire, chemisier blanc</p>

<p>Timing&nbsp;: Le rendez-vous est fixé à 17h00 à la Salle de l&#8217;Hôtel de Ville. Ensuite formation du&nbsp;cortège pour le Ravivage de la Flamme. Programme musical&nbsp;: &#8211; Marche de l&#8217;Ecole Royale&nbsp;Militaire &hellip; </p>
<p class="link-more"><a href="https://www.philharmonieroyaleconcordia.be/?tribe_events=prestation-patriotique-ravivage-de-la-flamme-du-souvenir-2" class="more-link">Lire la suite de<span class="screen-reader-text">« Prestation patriotique &#8211; Ravivage de la flamme du souvenir »</span></a></p>
