{"id":2205,"date":"2024-01-15T14:15:14","date_gmt":"2024-01-15T13:15:14","guid":{"rendered":"http:\/\/www.philharmonieroyaleconcordia.be\/?post_type=tribe_events&#038;p=2205"},"modified":"2024-03-18T10:45:38","modified_gmt":"2024-03-18T09:45:38","slug":"concert-annuel-2024","status":"publish","type":"tribe_events","link":"https:\/\/www.philharmonieroyaleconcordia.be\/?tribe_events=concert-annuel-2024","title":{"rendered":"Concert : A World of Heroes"},"content":{"rendered":"<div class=\"x11i5rnm xat24cr x1mh8g0r x1vvkbs xdj266r\">\n<div class=\"xdj266r x11i5rnm xat24cr x1mh8g0r x1vvkbs\"><span class=\"x3nfvp2 x1j61x8r x1fcty0u xdj266r xhhsvwb xat24cr xgzva0m xxymvpz xlup9mm x1kky2od\"><img loading=\"lazy\" decoding=\"async\" class=\"xz74otr\" src=\"https:\/\/static.xx.fbcdn.net\/images\/emoji.php\/v9\/t92\/1.5\/16\/1f4e2.png\" alt=\"\ud83d\udce2\" width=\"16\" height=\"16\"><\/span>&nbsp;La Philharmonie Royale Concordia d&#8217;OLLN est heureuse de vous convier \u00e0 son prochain concert de gala, A World of Heroes&nbsp;<span class=\"x3nfvp2 x1j61x8r x1fcty0u xdj266r xhhsvwb xat24cr xgzva0m xxymvpz xlup9mm x1kky2od\"><img loading=\"lazy\" decoding=\"async\" class=\"xz74otr\" src=\"https:\/\/static.xx.fbcdn.net\/images\/emoji.php\/v9\/te5\/1.5\/16\/1f389.png\" alt=\"\ud83c\udf89\" width=\"16\" height=\"16\"><\/span><span class=\"x3nfvp2 x1j61x8r x1fcty0u xdj266r xhhsvwb xat24cr xgzva0m xxymvpz xlup9mm x1kky2od\"><img loading=\"lazy\" decoding=\"async\" class=\"xz74otr\" src=\"https:\/\/static.xx.fbcdn.net\/images\/emoji.php\/v9\/t23\/1.5\/16\/1f3ba.png\" alt=\"\ud83c\udfba\" width=\"16\" height=\"16\"><\/span><span class=\"x3nfvp2 x1j61x8r x1fcty0u xdj266r xhhsvwb xat24cr xgzva0m xxymvpz xlup9mm x1kky2od\"><img loading=\"lazy\" decoding=\"async\" class=\"xz74otr\" src=\"https:\/\/static.xx.fbcdn.net\/images\/emoji.php\/v9\/tf9\/1.5\/16\/1f3b7.png\" alt=\"\ud83c\udfb7\" width=\"16\" height=\"16\"><\/span><span class=\"x3nfvp2 x1j61x8r x1fcty0u xdj266r xhhsvwb xat24cr xgzva0m xxymvpz xlup9mm x1kky2od\"><img loading=\"lazy\" decoding=\"async\" class=\"xz74otr\" src=\"https:\/\/static.xx.fbcdn.net\/images\/emoji.php\/v9\/te7\/1.5\/16\/1f941.png\" alt=\"\ud83e\udd41\" width=\"16\" height=\"16\"><\/span><\/div>\n<div>&nbsp;<\/div>\n<div class=\"x11i5rnm xat24cr x1mh8g0r x1vvkbs xtlvy1s\">Sous la baguette inspir\u00e9e de Serge Cange, plongez dans l&#8217;univers captivant des super-h\u00e9ros et des personnages illustres \u00e0 travers une s\u00e9lection envo\u00fbtante de leurs th\u00e8mes musicaux les plus embl\u00e9matiques&nbsp;<span class=\"x3nfvp2 x1j61x8r x1fcty0u xdj266r xhhsvwb xat24cr xgzva0m xxymvpz xlup9mm x1kky2od\"><img loading=\"lazy\" decoding=\"async\" class=\"xz74otr\" src=\"https:\/\/static.xx.fbcdn.net\/images\/emoji.php\/v9\/t2e\/1.5\/16\/1f9b8_200d_2640.png\" alt=\"\ud83e\uddb8\u200d\u2640\ufe0f\" width=\"16\" height=\"16\"><\/span><span class=\"x3nfvp2 x1j61x8r x1fcty0u xdj266r xhhsvwb xat24cr xgzva0m xxymvpz xlup9mm x1kky2od\"><img loading=\"lazy\" decoding=\"async\" class=\"xz74otr\" src=\"https:\/\/static.xx.fbcdn.net\/images\/emoji.php\/v9\/t78\/1.5\/16\/1f3b6.png\" alt=\"\ud83c\udfb6\" width=\"16\" height=\"16\"><\/span><span class=\"x3nfvp2 x1j61x8r x1fcty0u xdj266r xhhsvwb xat24cr xgzva0m xxymvpz xlup9mm x1kky2od\"><img loading=\"lazy\" decoding=\"async\" class=\"xz74otr\" src=\"https:\/\/static.xx.fbcdn.net\/images\/emoji.php\/v9\/t7b\/1.5\/16\/2728.png\" alt=\"\u2728\" width=\"16\" height=\"16\"><\/span><\/div>\n<div>&nbsp;<\/div>\n<div>Des extraits vid\u00e9os seront projet\u00e9s en synchronisation avec l&#8217;orchestre, enrichissant ainsi l&#8217;exp\u00e9rience visuelle et auditive. Nous avons \u00e9galement le plaisir d&#8217;accueillir une jeune soliste violoniste locale pour une performance sp\u00e9ciale, ajoutant une dimension unique \u00e0 notre concert.<\/div>\n<div>&nbsp;<\/div>\n<div class=\"x11i5rnm xat24cr x1mh8g0r x1vvkbs xtlvy1s\"><span class=\"x3nfvp2 x1j61x8r x1fcty0u xdj266r xhhsvwb xat24cr xgzva0m xxymvpz xlup9mm x1kky2od\"><img loading=\"lazy\" decoding=\"async\" class=\"xz74otr\" src=\"https:\/\/static.xx.fbcdn.net\/images\/emoji.php\/v9\/t86\/1.5\/16\/1f4cd.png\" alt=\"\ud83d\udccd\" width=\"16\" height=\"16\"><\/span>&nbsp;Salle Jules Ginion (place Communale 5, 1341 C\u00e9roux-Mousty)<\/div>\n<div class=\"x11i5rnm xat24cr x1mh8g0r x1vvkbs xtlvy1s\">2 DATES :<br \/>\n<span class=\"x3nfvp2 x1j61x8r x1fcty0u xdj266r xhhsvwb xat24cr xgzva0m xxymvpz xlup9mm x1kky2od\"><img loading=\"lazy\" decoding=\"async\" class=\"xz74otr\" src=\"https:\/\/static.xx.fbcdn.net\/images\/emoji.php\/v9\/td7\/1.5\/16\/1f4c5.png\" alt=\"\ud83d\udcc5\" width=\"16\" height=\"16\"><\/span>&nbsp;Samedi 20 avril \u00e0 20h00.<br \/>\n<span class=\"x3nfvp2 x1j61x8r x1fcty0u xdj266r xhhsvwb xat24cr xgzva0m xxymvpz xlup9mm x1kky2od\"><img loading=\"lazy\" decoding=\"async\" class=\"xz74otr\" src=\"https:\/\/static.xx.fbcdn.net\/images\/emoji.php\/v9\/td7\/1.5\/16\/1f4c5.png\" alt=\"\ud83d\udcc5\" width=\"16\" height=\"16\"><\/span>&nbsp;Dimanche 21 avril \u00e0 15h00.<\/div>\n<div class=\"x11i5rnm xat24cr x1mh8g0r x1vvkbs xtlvy1s\"><span class=\"x3nfvp2 x1j61x8r x1fcty0u xdj266r xhhsvwb xat24cr xgzva0m xxymvpz xlup9mm x1kky2od\"><img loading=\"lazy\" decoding=\"async\" class=\"xz74otr\" src=\"https:\/\/static.xx.fbcdn.net\/images\/emoji.php\/v9\/t5\/1.5\/16\/1f3ab.png\" alt=\"\ud83c\udfab\" width=\"16\" height=\"16\"><\/span>&nbsp;Tarif : 15\u20ac adulte &#8211; 10\u20ac moins de 26 ans.<br \/>\n<span class=\"x3nfvp2 x1j61x8r x1fcty0u xdj266r xhhsvwb xat24cr xgzva0m xxymvpz xlup9mm x1kky2od\"><img loading=\"lazy\" decoding=\"async\" class=\"xz74otr\" src=\"https:\/\/static.xx.fbcdn.net\/images\/emoji.php\/v9\/tfc\/1.5\/16\/1f193.png\" alt=\"\ud83c\udd93\" width=\"16\" height=\"16\"><\/span>&nbsp;Gratuit pour les moins de 6 ans.<br \/>\n<span class=\"x3nfvp2 x1j61x8r x1fcty0u xdj266r xhhsvwb xat24cr xgzva0m xxymvpz xlup9mm x1kky2od\"><img loading=\"lazy\" decoding=\"async\" class=\"xz74otr\" src=\"https:\/\/static.xx.fbcdn.net\/images\/emoji.php\/v9\/td7\/1.5\/16\/1f4c5.png\" alt=\"\ud83d\udcc5\" width=\"16\" height=\"16\"><\/span>&nbsp;R\u00e9servation par mail souhait\u00e9e avant le 19 avril : orchestreprc@gmail.com<\/div>\n<div class=\"x11i5rnm xat24cr x1mh8g0r x1vvkbs xtlvy1s\">Avec la participation de l\u2019acad\u00e9mie de Court-Saint-Etienne et Ottignies-Louvain-la-Neuve.<\/div>\n<div class=\"x11i5rnm xat24cr x1mh8g0r x1vvkbs xtlvy1s\">Suivez-nous&nbsp;<span class=\"x3nfvp2 x1j61x8r x1fcty0u xdj266r xhhsvwb xat24cr xgzva0m xxymvpz xlup9mm x1kky2od\"><img loading=\"lazy\" decoding=\"async\" class=\"xz74otr\" src=\"https:\/\/static.xx.fbcdn.net\/images\/emoji.php\/v9\/t7b\/1.5\/16\/2728.png\" alt=\"\u2728\" width=\"16\" height=\"16\"><\/span><br \/>\n<a class=\"x1i10hfl xjbqb8w x1ejq31n xd10rxx x1sy0etr x17r0tee x972fbf xcfux6l x1qhh985 xm0m39n x9f619 x1ypdohk xt0psk2 xe8uvvx xdj266r x11i5rnm xat24cr x1mh8g0r xexx8yu x4uap5 x18d9i69 xkhd6sd x16tdsg8 x1hl2dhg xggy1nq x1a2a7pz xt0b8zv x1fey0fg\" role=\"link\" href=\"https:\/\/www.instagram.com\/philharmonieottignies?fbclid=IwAR3FHSK334rulGj9lNPmSkikI7tm6senkbpQvvmECo_4vWGjpPmarBrqgZI\" target=\"_blank\" rel=\"nofollow noopener noreferrer\">https:\/\/www.instagram.com\/philharmonieottignies<\/a><\/div>\n<\/div>\n","protected":false},"excerpt":{"rendered":"<p>La Philharmonie Royale Concordia d&#8217;OLLN est heureuse de vous convier \u00e0 son prochain concert de gala, A World of Heroes. Sous la baguette inspir\u00e9e de Serge Cange, plongez dans l&#8217;univers captivant des super-h\u00e9ros et des personnages illustres \u00e0 travers une s\u00e9lection envo\u00fbtante de leurs th\u00e8mes musicaux les plus embl\u00e9matiques. Des extraits vid\u00e9os seront projet\u00e9s en synchronisation avec l&#8217;orchestre, enrichissant ainsi l&#8217;exp\u00e9rience visuelle et auditive.<\/p>\n","protected":false},"author":14,"featured_media":2251,"comment_status":"open","ping_status":"closed","template":"","meta":{"ngg_post_thumbnail":0,"_tribe_events_status":"","_tribe_events_status_reason":"","footnotes":""},"tags":[],"tribe_events_cat":[5],"class_list":["post-2205","tribe_events","type-tribe_events","status-publish","has-post-thumbnail","hentry","tribe_events_cat-concerts","cat_concerts"],"wppr_data":{"cwp_meta_box_check":"No"},"jetpack_sharing_enabled":true,"_links":{"self":[{"href":"https:\/\/www.philharmonieroyaleconcordia.be\/index.php?rest_route=\/wp\/v2\/tribe_events\/2205","targetHints":{"allow":["GET"]}}],"collection":[{"href":"https:\/\/www.philharmonieroyaleconcordia.be\/index.php?rest_route=\/wp\/v2\/tribe_events"}],"about":[{"href":"https:\/\/www.philharmonieroyaleconcordia.be\/index.php?rest_route=\/wp\/v2\/types\/tribe_events"}],"author":[{"embeddable":true,"href":"https:\/\/www.philharmonieroyaleconcordia.be\/index.php?rest_route=\/wp\/v2\/users\/14"}],"replies":[{"embeddable":true,"href":"https:\/\/www.philharmonieroyaleconcordia.be\/index.php?rest_route=%2Fwp%2Fv2%2Fcomments&post=2205"}],"version-history":[{"count":3,"href":"https:\/\/www.philharmonieroyaleconcordia.be\/index.php?rest_route=\/wp\/v2\/tribe_events\/2205\/revisions"}],"predecessor-version":[{"id":2250,"href":"https:\/\/www.philharmonieroyaleconcordia.be\/index.php?rest_route=\/wp\/v2\/tribe_events\/2205\/revisions\/2250"}],"wp:featuredmedia":[{"embeddable":true,"href":"https:\/\/www.philharmonieroyaleconcordia.be\/index.php?rest_route=\/wp\/v2\/media\/2251"}],"wp:attachment":[{"href":"https:\/\/www.philharmonieroyaleconcordia.be\/index.php?rest_route=%2Fwp%2Fv2%2Fmedia&parent=2205"}],"wp:term":[{"taxonomy":"post_tag","embeddable":true,"href":"https:\/\/www.philharmonieroyaleconcordia.be\/index.php?rest_route=%2Fwp%2Fv2%2Ftags&post=2205"},{"taxonomy":"tribe_events_cat","embeddable":true,"href":"https:\/\/www.philharmonieroyaleconcordia.be\/index.php?rest_route=%2Fwp%2Fv2%2Ftribe_events_cat&post=2205"}],"curies":[{"name":"wp","href":"https:\/\/api.w.org\/{rel}","templated":true}]}}

<div class="x11i5rnm xat24cr x1mh8g0r x1vvkbs xdj266r">
<div class="xdj266r x11i5rnm xat24cr x1mh8g0r x1vvkbs"><span class="x3nfvp2 x1j61x8r x1fcty0u xdj266r xhhsvwb xat24cr xgzva0m xxymvpz xlup9mm x1kky2od"><img loading="lazy" decoding="async" class="xz74otr" src="https://static.xx.fbcdn.net/images/emoji.php/v9/t92/1.5/16/1f4e2.png" alt="📢" width="16" height="16"></span>&nbsp;La Philharmonie Royale Concordia d&#8217;OLLN est heureuse de vous convier à son prochain concert de gala, A World of Heroes&nbsp;<span class="x3nfvp2 x1j61x8r x1fcty0u xdj266r xhhsvwb xat24cr xgzva0m xxymvpz xlup9mm x1kky2od"><img loading="lazy" decoding="async" class="xz74otr" src="https://static.xx.fbcdn.net/images/emoji.php/v9/te5/1.5/16/1f389.png" alt="🎉" width="16" height="16"></span><span class="x3nfvp2 x1j61x8r x1fcty0u xdj266r xhhsvwb xat24cr xgzva0m xxymvpz xlup9mm x1kky2od"><img loading="lazy" decoding="async" class="xz74otr" src="https://static.xx.fbcdn.net/images/emoji.php/v9/t23/1.5/16/1f3ba.png" alt="🎺" width="16" height="16"></span><span class="x3nfvp2 x1j61x8r x1fcty0u xdj266r xhhsvwb xat24cr xgzva0m xxymvpz xlup9mm x1kky2od"><img loading="lazy" decoding="async" class="xz74otr" src="https://static.xx.fbcdn.net/images/emoji.php/v9/tf9/1.5/16/1f3b7.png" alt="🎷" width="16" height="16"></span><span class="x3nfvp2 x1j61x8r x1fcty0u xdj266r xhhsvwb xat24cr xgzva0m xxymvpz xlup9mm x1kky2od"><img loading="lazy" decoding="async" class="xz74otr" src="https://static.xx.fbcdn.net/images/emoji.php/v9/te7/1.5/16/1f941.png" alt="🥁" width="16" height="16"></span></div>
<div>&nbsp;</div>
<div class="x11i5rnm xat24cr x1mh8g0r x1vvkbs xtlvy1s">Sous la baguette inspirée de Serge Cange, plongez dans l&#8217;univers captivant des super-héros et des personnages illustres à travers une sélection envoûtante de leurs thèmes musicaux les plus emblématiques&nbsp;<span class="x3nfvp2 x1j61x8r x1fcty0u xdj266r xhhsvwb xat24cr xgzva0m xxymvpz xlup9mm x1kky2od"><img loading="lazy" decoding="async" class="xz74otr" src="https://static.xx.fbcdn.net/images/emoji.php/v9/t2e/1.5/16/1f9b8_200d_2640.png" alt="🦸‍♀️" width="16" height="16"></span><span class="x3nfvp2 x1j61x8r x1fcty0u xdj266r xhhsvwb xat24cr xgzva0m xxymvpz xlup9mm x1kky2od"><img loading="lazy" decoding="async" class="xz74otr" src="https://static.xx.fbcdn.net/images/emoji.php/v9/t78/1.5/16/1f3b6.png" alt="🎶" width="16" height="16"></span><span class="x3nfvp2 x1j61x8r x1fcty0u xdj266r xhhsvwb xat24cr xgzva0m xxymvpz xlup9mm x1kky2od"><img loading="lazy" decoding="async" class="xz74otr" src="https://static.xx.fbcdn.net/images/emoji.php/v9/t7b/1.5/16/2728.png" alt="✨" width="16" height="16"></span></div>
<div>&nbsp;</div>
<div>Des extraits vidéos seront projetés en synchronisation avec l&#8217;orchestre, enrichissant ainsi l&#8217;expérience visuelle et auditive. Nous avons également le plaisir d&#8217;accueillir une jeune soliste violoniste locale pour une performance spéciale, ajoutant une dimension unique à notre concert.</div>
<div>&nbsp;</div>
<div class="x11i5rnm xat24cr x1mh8g0r x1vvkbs xtlvy1s"><span class="x3nfvp2 x1j61x8r x1fcty0u xdj266r xhhsvwb xat24cr xgzva0m xxymvpz xlup9mm x1kky2od"><img loading="lazy" decoding="async" class="xz74otr" src="https://static.xx.fbcdn.net/images/emoji.php/v9/t86/1.5/16/1f4cd.png" alt="📍" width="16" height="16"></span>&nbsp;Salle Jules Ginion (place Communale 5, 1341 Céroux-Mousty)</div>
<div class="x11i5rnm xat24cr x1mh8g0r x1vvkbs xtlvy1s">2 DATES :<br />
<span class="x3nfvp2 x1j61x8r x1fcty0u xdj266r xhhsvwb xat24cr xgzva0m xxymvpz xlup9mm x1kky2od"><img loading="lazy" decoding="async" class="xz74otr" src="https://static.xx.fbcdn.net/images/emoji.php/v9/td7/1.5/16/1f4c5.png" alt="📅" width="16" height="16"></span>&nbsp;Samedi 20 avril à 20h00.<br />
<span class="x3nfvp2 x1j61x8r x1fcty0u xdj266r xhhsvwb xat24cr xgzva0m xxymvpz xlup9mm x1kky2od"><img loading="lazy" decoding="async" class="xz74otr" src="https://static.xx.fbcdn.net/images/emoji.php/v9/td7/1.5/16/1f4c5.png" alt="📅" width="16" height="16"></span>&nbsp;Dimanche 21 avril à 15h00.</div>
<div class="x11i5rnm xat24cr x1mh8g0r x1vvkbs xtlvy1s"><span class="x3nfvp2 x1j61x8r x1fcty0u xdj266r xhhsvwb xat24cr xgzva0m xxymvpz xlup9mm x1kky2od"><img loading="lazy" decoding="async" class="xz74otr" src="https://static.xx.fbcdn.net/images/emoji.php/v9/t5/1.5/16/1f3ab.png" alt="🎫" width="16" height="16"></span>&nbsp;Tarif : 15€ adulte &#8211; 10€ moins de 26 ans.<br />
<span class="x3nfvp2 x1j61x8r x1fcty0u xdj266r xhhsvwb xat24cr xgzva0m xxymvpz xlup9mm x1kky2od"><img loading="lazy" decoding="async" class="xz74otr" src="https://static.xx.fbcdn.net/images/emoji.php/v9/tfc/1.5/16/1f193.png" alt="🆓" width="16" height="16"></span>&nbsp;Gratuit pour les moins de 6 ans.<br />
<span class="x3nfvp2 x1j61x8r x1fcty0u xdj266r xhhsvwb xat24cr xgzva0m xxymvpz xlup9mm x1kky2od"><img loading="lazy" decoding="async" class="xz74otr" src="https://static.xx.fbcdn.net/images/emoji.php/v9/td7/1.5/16/1f4c5.png" alt="📅" width="16" height="16"></span>&nbsp;Réservation par mail souhaitée avant le 19 avril : orchestreprc@gmail.com</div>
<div class="x11i5rnm xat24cr x1mh8g0r x1vvkbs xtlvy1s">Avec la participation de l’académie de Court-Saint-Etienne et Ottignies-Louvain-la-Neuve.</div>
<div class="x11i5rnm xat24cr x1mh8g0r x1vvkbs xtlvy1s">Suivez-nous&nbsp;<span class="x3nfvp2 x1j61x8r x1fcty0u xdj266r xhhsvwb xat24cr xgzva0m xxymvpz xlup9mm x1kky2od"><img loading="lazy" decoding="async" class="xz74otr" src="https://static.xx.fbcdn.net/images/emoji.php/v9/t7b/1.5/16/2728.png" alt="✨" width="16" height="16"></span><br />
<a class="x1i10hfl xjbqb8w x1ejq31n xd10rxx x1sy0etr x17r0tee x972fbf xcfux6l x1qhh985 xm0m39n x9f619 x1ypdohk xt0psk2 xe8uvvx xdj266r x11i5rnm xat24cr x1mh8g0r xexx8yu x4uap5 x18d9i69 xkhd6sd x16tdsg8 x1hl2dhg xggy1nq x1a2a7pz xt0b8zv x1fey0fg" role="link" href="https://www.instagram.com/philharmonieottignies?fbclid=IwAR3FHSK334rulGj9lNPmSkikI7tm6senkbpQvvmECo_4vWGjpPmarBrqgZI" target="_blank" rel="nofollow noopener noreferrer">https://www.instagram.com/philharmonieottignies</a></div>
</div>

<p>La Philharmonie Royale Concordia d&#8217;OLLN est heureuse de vous convier à son prochain concert de gala, A World of Heroes. Sous la baguette inspirée de Serge Cange, plongez dans l&#8217;univers captivant des super-héros et des personnages illustres à travers une sélection envoûtante de leurs thèmes musicaux les plus emblématiques. Des extraits vidéos seront projetés en synchronisation avec l&#8217;orchestre, enrichissant ainsi l&#8217;expérience visuelle et auditive.</p>
