{"id":802,"date":"2021-05-08T18:56:24","date_gmt":"2021-05-08T16:56:24","guid":{"rendered":"http:\/\/www.philharmonieroyaleconcordia.be\/?post_type=tribe_events&#038;p=802"},"modified":"2021-05-08T18:59:41","modified_gmt":"2021-05-08T16:59:41","slug":"commemoration-patriotique","status":"publish","type":"tribe_events","link":"https:\/\/www.philharmonieroyaleconcordia.be\/?tribe_events=commemoration-patriotique","title":{"rendered":"Comm\u00e9moration patriotique"},"content":{"rendered":"<p><img loading=\"lazy\" decoding=\"async\" data-attachment-id=\"809\" data-permalink=\"https:\/\/www.philharmonieroyaleconcordia.be\/?attachment_id=809\" data-orig-file=\"https:\/\/i0.wp.com\/www.philharmonieroyaleconcordia.be\/wp-content\/uploads\/2021\/05\/Camps-de-concentration.jpg?fit=299%2C168&amp;ssl=1\" data-orig-size=\"299,168\" data-comments-opened=\"1\" data-image-meta=\"{&quot;aperture&quot;:&quot;0&quot;,&quot;credit&quot;:&quot;&quot;,&quot;camera&quot;:&quot;&quot;,&quot;caption&quot;:&quot;&quot;,&quot;created_timestamp&quot;:&quot;0&quot;,&quot;copyright&quot;:&quot;&quot;,&quot;focal_length&quot;:&quot;0&quot;,&quot;iso&quot;:&quot;0&quot;,&quot;shutter_speed&quot;:&quot;0&quot;,&quot;title&quot;:&quot;&quot;,&quot;orientation&quot;:&quot;0&quot;}\" data-image-title=\"Camps de concentration\" data-image-description=\"\" data-image-caption=\"\" data-medium-file=\"https:\/\/i0.wp.com\/www.philharmonieroyaleconcordia.be\/wp-content\/uploads\/2021\/05\/Camps-de-concentration.jpg?fit=299%2C168&amp;ssl=1\" data-large-file=\"https:\/\/i0.wp.com\/www.philharmonieroyaleconcordia.be\/wp-content\/uploads\/2021\/05\/Camps-de-concentration.jpg?fit=299%2C168&amp;ssl=1\" class=\"alignnone wp-image-809\" src=\"https:\/\/i0.wp.com\/www.philharmonieroyaleconcordia.be\/wp-content\/uploads\/2021\/05\/Camps-de-concentration.jpg?resize=201%2C113\" alt=\"\" width=\"201\" height=\"113\" srcset=\"https:\/\/i0.wp.com\/www.philharmonieroyaleconcordia.be\/wp-content\/uploads\/2021\/05\/Camps-de-concentration.jpg?w=299&amp;ssl=1 299w, https:\/\/i0.wp.com\/www.philharmonieroyaleconcordia.be\/wp-content\/uploads\/2021\/05\/Camps-de-concentration.jpg?resize=50%2C28&amp;ssl=1 50w\" sizes=\"auto, (max-width: 201px) 100vw, 201px\" data-recalc-dims=\"1\" \/> <img loading=\"lazy\" decoding=\"async\" data-attachment-id=\"810\" data-permalink=\"https:\/\/www.philharmonieroyaleconcordia.be\/?attachment_id=810\" data-orig-file=\"https:\/\/i0.wp.com\/www.philharmonieroyaleconcordia.be\/wp-content\/uploads\/2021\/05\/Ecusson-arm\u00e9e-secr\u00e8te.jpg?fit=234%2C207&amp;ssl=1\" data-orig-size=\"234,207\" data-comments-opened=\"1\" data-image-meta=\"{&quot;aperture&quot;:&quot;0&quot;,&quot;credit&quot;:&quot;&quot;,&quot;camera&quot;:&quot;&quot;,&quot;caption&quot;:&quot;&quot;,&quot;created_timestamp&quot;:&quot;0&quot;,&quot;copyright&quot;:&quot;&quot;,&quot;focal_length&quot;:&quot;0&quot;,&quot;iso&quot;:&quot;0&quot;,&quot;shutter_speed&quot;:&quot;0&quot;,&quot;title&quot;:&quot;&quot;,&quot;orientation&quot;:&quot;0&quot;}\" data-image-title=\"Ecusson arm\u00e9e secr\u00e8te\" data-image-description=\"\" data-image-caption=\"\" data-medium-file=\"https:\/\/i0.wp.com\/www.philharmonieroyaleconcordia.be\/wp-content\/uploads\/2021\/05\/Ecusson-arm\u00e9e-secr\u00e8te.jpg?fit=234%2C207&amp;ssl=1\" data-large-file=\"https:\/\/i0.wp.com\/www.philharmonieroyaleconcordia.be\/wp-content\/uploads\/2021\/05\/Ecusson-arm\u00e9e-secr\u00e8te.jpg?fit=234%2C207&amp;ssl=1\" class=\"wp-image-810 alignright\" src=\"https:\/\/i0.wp.com\/www.philharmonieroyaleconcordia.be\/wp-content\/uploads\/2021\/05\/Ecusson-arm\u00e9e-secr\u00e8te.jpg?resize=104%2C92\" alt=\"\" width=\"104\" height=\"92\" srcset=\"https:\/\/i0.wp.com\/www.philharmonieroyaleconcordia.be\/wp-content\/uploads\/2021\/05\/Ecusson-arm\u00e9e-secr\u00e8te.jpg?w=234&amp;ssl=1 234w, https:\/\/i0.wp.com\/www.philharmonieroyaleconcordia.be\/wp-content\/uploads\/2021\/05\/Ecusson-arm\u00e9e-secr\u00e8te.jpg?resize=50%2C44&amp;ssl=1 50w\" sizes=\"auto, (max-width: 104px) 100vw, 104px\" data-recalc-dims=\"1\" \/><\/p>\n<p style=\"text-align: center;\"><strong>Comme chaque ann\u00e9e, \u00e0 la demande des autorit\u00e9s de la Ville d&#8217;Ottignies Louvain-La-Neuve a Philharmonie Royale Concordia prendra part \u00e0 la <span style=\"color: #0000ff;\"><em>comm\u00e9moration de la<\/em> <em>lib\u00e9ration des camps de concentration<\/em><\/span> et \u00e0 la <span style=\"color: #0000ff;\"><em>c\u00e9r\u00e9monie d&#8217;hommage \u00e0 l&#8217;escadron Brumagne<\/em><\/span>.<\/strong><\/p>\n<p style=\"text-align: center;\">Vu le contexte sanitaire, exceptionnellement en 2021, la Philharmonie Royale Concordia sera pr\u00e9sente mais uniquement avec la prestation d&#8217;un trompettiste.<\/p>\n","protected":false},"excerpt":{"rendered":"<p>Comme chaque ann\u00e9e, \u00e0 la demande des autorit\u00e9s de la Ville d&#8217;Ottignies Louvain-La-Neuve a Philharmonie Royale Concordia prendra part \u00e0 la comm\u00e9moration de la lib\u00e9ration des camps de concentration et &hellip; <\/p>\n<p class=\"link-more\"><a href=\"https:\/\/www.philharmonieroyaleconcordia.be\/?tribe_events=commemoration-patriotique\" class=\"more-link\">Lire la suite de<span class=\"screen-reader-text\">\u00ab\u00a0Comm\u00e9moration patriotique\u00a0\u00bb<\/span><\/a><\/p>\n","protected":false},"author":4,"featured_media":0,"comment_status":"open","ping_status":"closed","template":"","meta":{"ngg_post_thumbnail":0,"_tribe_events_status":"","_tribe_events_status_reason":"","footnotes":""},"tags":[],"tribe_events_cat":[9],"class_list":["post-802","tribe_events","type-tribe_events","status-publish","hentry","tribe_events_cat-pp","cat_pp"],"wppr_data":{"cwp_meta_box_check":"No"},"jetpack_sharing_enabled":true,"_links":{"self":[{"href":"https:\/\/www.philharmonieroyaleconcordia.be\/index.php?rest_route=\/wp\/v2\/tribe_events\/802","targetHints":{"allow":["GET"]}}],"collection":[{"href":"https:\/\/www.philharmonieroyaleconcordia.be\/index.php?rest_route=\/wp\/v2\/tribe_events"}],"about":[{"href":"https:\/\/www.philharmonieroyaleconcordia.be\/index.php?rest_route=\/wp\/v2\/types\/tribe_events"}],"author":[{"embeddable":true,"href":"https:\/\/www.philharmonieroyaleconcordia.be\/index.php?rest_route=\/wp\/v2\/users\/4"}],"replies":[{"embeddable":true,"href":"https:\/\/www.philharmonieroyaleconcordia.be\/index.php?rest_route=%2Fwp%2Fv2%2Fcomments&post=802"}],"version-history":[{"count":7,"href":"https:\/\/www.philharmonieroyaleconcordia.be\/index.php?rest_route=\/wp\/v2\/tribe_events\/802\/revisions"}],"predecessor-version":[{"id":816,"href":"https:\/\/www.philharmonieroyaleconcordia.be\/index.php?rest_route=\/wp\/v2\/tribe_events\/802\/revisions\/816"}],"wp:attachment":[{"href":"https:\/\/www.philharmonieroyaleconcordia.be\/index.php?rest_route=%2Fwp%2Fv2%2Fmedia&parent=802"}],"wp:term":[{"taxonomy":"post_tag","embeddable":true,"href":"https:\/\/www.philharmonieroyaleconcordia.be\/index.php?rest_route=%2Fwp%2Fv2%2Ftags&post=802"},{"taxonomy":"tribe_events_cat","embeddable":true,"href":"https:\/\/www.philharmonieroyaleconcordia.be\/index.php?rest_route=%2Fwp%2Fv2%2Ftribe_events_cat&post=802"}],"curies":[{"name":"wp","href":"https:\/\/api.w.org\/{rel}","templated":true}]}}

Commémoration patriotique

<p><img loading="lazy" decoding="async" data-attachment-id="809" data-permalink="https://www.philharmonieroyaleconcordia.be/?attachment_id=809" data-orig-file="https://i0.wp.com/www.philharmonieroyaleconcordia.be/wp-content/uploads/2021/05/Camps-de-concentration.jpg?fit=299%2C168&amp;ssl=1" data-orig-size="299,168" data-comments-opened="1" data-image-meta="{&quot;aperture&quot;:&quot;0&quot;,&quot;credit&quot;:&quot;&quot;,&quot;camera&quot;:&quot;&quot;,&quot;caption&quot;:&quot;&quot;,&quot;created_timestamp&quot;:&quot;0&quot;,&quot;copyright&quot;:&quot;&quot;,&quot;focal_length&quot;:&quot;0&quot;,&quot;iso&quot;:&quot;0&quot;,&quot;shutter_speed&quot;:&quot;0&quot;,&quot;title&quot;:&quot;&quot;,&quot;orientation&quot;:&quot;0&quot;}" data-image-title="Camps de concentration" data-image-description="" data-image-caption="" data-medium-file="https://i0.wp.com/www.philharmonieroyaleconcordia.be/wp-content/uploads/2021/05/Camps-de-concentration.jpg?fit=299%2C168&amp;ssl=1" data-large-file="https://i0.wp.com/www.philharmonieroyaleconcordia.be/wp-content/uploads/2021/05/Camps-de-concentration.jpg?fit=299%2C168&amp;ssl=1" class="alignnone wp-image-809" src="https://i0.wp.com/www.philharmonieroyaleconcordia.be/wp-content/uploads/2021/05/Camps-de-concentration.jpg?resize=201%2C113" alt="" width="201" height="113" srcset="https://i0.wp.com/www.philharmonieroyaleconcordia.be/wp-content/uploads/2021/05/Camps-de-concentration.jpg?w=299&amp;ssl=1 299w, https://i0.wp.com/www.philharmonieroyaleconcordia.be/wp-content/uploads/2021/05/Camps-de-concentration.jpg?resize=50%2C28&amp;ssl=1 50w" sizes="auto, (max-width: 201px) 100vw, 201px" data-recalc-dims="1" /> <img loading="lazy" decoding="async" data-attachment-id="810" data-permalink="https://www.philharmonieroyaleconcordia.be/?attachment_id=810" data-orig-file="https://i0.wp.com/www.philharmonieroyaleconcordia.be/wp-content/uploads/2021/05/Ecusson-armée-secrète.jpg?fit=234%2C207&amp;ssl=1" data-orig-size="234,207" data-comments-opened="1" data-image-meta="{&quot;aperture&quot;:&quot;0&quot;,&quot;credit&quot;:&quot;&quot;,&quot;camera&quot;:&quot;&quot;,&quot;caption&quot;:&quot;&quot;,&quot;created_timestamp&quot;:&quot;0&quot;,&quot;copyright&quot;:&quot;&quot;,&quot;focal_length&quot;:&quot;0&quot;,&quot;iso&quot;:&quot;0&quot;,&quot;shutter_speed&quot;:&quot;0&quot;,&quot;title&quot;:&quot;&quot;,&quot;orientation&quot;:&quot;0&quot;}" data-image-title="Ecusson armée secrète" data-image-description="" data-image-caption="" data-medium-file="https://i0.wp.com/www.philharmonieroyaleconcordia.be/wp-content/uploads/2021/05/Ecusson-armée-secrète.jpg?fit=234%2C207&amp;ssl=1" data-large-file="https://i0.wp.com/www.philharmonieroyaleconcordia.be/wp-content/uploads/2021/05/Ecusson-armée-secrète.jpg?fit=234%2C207&amp;ssl=1" class="wp-image-810 alignright" src="https://i0.wp.com/www.philharmonieroyaleconcordia.be/wp-content/uploads/2021/05/Ecusson-armée-secrète.jpg?resize=104%2C92" alt="" width="104" height="92" srcset="https://i0.wp.com/www.philharmonieroyaleconcordia.be/wp-content/uploads/2021/05/Ecusson-armée-secrète.jpg?w=234&amp;ssl=1 234w, https://i0.wp.com/www.philharmonieroyaleconcordia.be/wp-content/uploads/2021/05/Ecusson-armée-secrète.jpg?resize=50%2C44&amp;ssl=1 50w" sizes="auto, (max-width: 104px) 100vw, 104px" data-recalc-dims="1" /></p>
<p style="text-align: center;"><strong>Comme chaque année, à la demande des autorités de la Ville d&#8217;Ottignies Louvain-La-Neuve a Philharmonie Royale Concordia prendra part à la <span style="color: #0000ff;"><em>commémoration de la</em> <em>libération des camps de concentration</em></span> et à la <span style="color: #0000ff;"><em>cérémonie d&#8217;hommage à l&#8217;escadron Brumagne</em></span>.</strong></p>
<p style="text-align: center;">Vu le contexte sanitaire, exceptionnellement en 2021, la Philharmonie Royale Concordia sera présente mais uniquement avec la prestation d&#8217;un trompettiste.</p>

<p>Comme chaque année, à la demande des autorités de la Ville d&#8217;Ottignies Louvain-La-Neuve a Philharmonie Royale Concordia prendra part à la commémoration de la libération des camps de concentration et &hellip; </p>
<p class="link-more"><a href="https://www.philharmonieroyaleconcordia.be/?tribe_events=commemoration-patriotique" class="more-link">Lire la suite de<span class="screen-reader-text">« Commémoration patriotique »</span></a></p>
