{"id":840,"date":"2021-05-27T15:49:32","date_gmt":"2021-05-27T13:49:32","guid":{"rendered":"http:\/\/www.philharmonieroyaleconcordia.be\/?post_type=tribe_events&#038;p=840"},"modified":"2021-05-27T15:49:32","modified_gmt":"2021-05-27T13:49:32","slug":"commemorations-a-loccasion-de-la-fete-nationale-a-ottignies","status":"publish","type":"tribe_events","link":"https:\/\/www.philharmonieroyaleconcordia.be\/?tribe_events=commemorations-a-loccasion-de-la-fete-nationale-a-ottignies","title":{"rendered":"Comm\u00e9morations \u00e0 l&#8217;occasion de la F\u00eate Nationale \u00e0 Ottignies"},"content":{"rendered":"<h4 style=\"text-align: center;\">Chaque ann\u00e9e la Philharmonie Royale Concordia rehausse de sa pr\u00e9sence les c\u00e9r\u00e9monies du 21 juillet lors du d\u00e9p\u00f4t de fleurs aux monuments jouxtant l&#8217;\u00e9glise Saint-R\u00e9my d&#8217;Ottignies (Espace Saint-R\u00e9my).<\/h4>\n<h4 style=\"text-align: center;\">Un trompettiste jouera la \u00ab Sonnerie au champs \u00bb et la \u00ab Braban\u00e7onne \u00bb durant le d\u00e9p\u00f4t des fleurs aux deux monuments.<\/h4>\n","protected":false},"excerpt":{"rendered":"<p>Chaque ann\u00e9e la Philharmonie Royale Concordia rehausse de sa pr\u00e9sence les c\u00e9r\u00e9monies du 21 juillet lors du d\u00e9p\u00f4t de fleurs aux monuments jouxtant l&#8217;\u00e9glise Saint-R\u00e9my d&#8217;Ottignies (Espace Saint-R\u00e9my). Un trompettiste &hellip; <\/p>\n<p class=\"link-more\"><a href=\"https:\/\/www.philharmonieroyaleconcordia.be\/?tribe_events=commemorations-a-loccasion-de-la-fete-nationale-a-ottignies\" class=\"more-link\">Lire la suite de<span class=\"screen-reader-text\">\u00ab\u00a0Comm\u00e9morations \u00e0 l&#8217;occasion de la F\u00eate Nationale \u00e0 Ottignies\u00a0\u00bb<\/span><\/a><\/p>\n","protected":false},"author":4,"featured_media":845,"comment_status":"open","ping_status":"closed","template":"","meta":{"ngg_post_thumbnail":0,"_tribe_events_status":"","_tribe_events_status_reason":"","footnotes":""},"tags":[],"tribe_events_cat":[9],"class_list":["post-840","tribe_events","type-tribe_events","status-publish","has-post-thumbnail","hentry","tribe_events_cat-pp","cat_pp"],"wppr_data":{"cwp_meta_box_check":"No"},"jetpack_sharing_enabled":true,"_links":{"self":[{"href":"https:\/\/www.philharmonieroyaleconcordia.be\/index.php?rest_route=\/wp\/v2\/tribe_events\/840","targetHints":{"allow":["GET"]}}],"collection":[{"href":"https:\/\/www.philharmonieroyaleconcordia.be\/index.php?rest_route=\/wp\/v2\/tribe_events"}],"about":[{"href":"https:\/\/www.philharmonieroyaleconcordia.be\/index.php?rest_route=\/wp\/v2\/types\/tribe_events"}],"author":[{"embeddable":true,"href":"https:\/\/www.philharmonieroyaleconcordia.be\/index.php?rest_route=\/wp\/v2\/users\/4"}],"replies":[{"embeddable":true,"href":"https:\/\/www.philharmonieroyaleconcordia.be\/index.php?rest_route=%2Fwp%2Fv2%2Fcomments&post=840"}],"version-history":[{"count":4,"href":"https:\/\/www.philharmonieroyaleconcordia.be\/index.php?rest_route=\/wp\/v2\/tribe_events\/840\/revisions"}],"predecessor-version":[{"id":846,"href":"https:\/\/www.philharmonieroyaleconcordia.be\/index.php?rest_route=\/wp\/v2\/tribe_events\/840\/revisions\/846"}],"wp:featuredmedia":[{"embeddable":true,"href":"https:\/\/www.philharmonieroyaleconcordia.be\/index.php?rest_route=\/wp\/v2\/media\/845"}],"wp:attachment":[{"href":"https:\/\/www.philharmonieroyaleconcordia.be\/index.php?rest_route=%2Fwp%2Fv2%2Fmedia&parent=840"}],"wp:term":[{"taxonomy":"post_tag","embeddable":true,"href":"https:\/\/www.philharmonieroyaleconcordia.be\/index.php?rest_route=%2Fwp%2Fv2%2Ftags&post=840"},{"taxonomy":"tribe_events_cat","embeddable":true,"href":"https:\/\/www.philharmonieroyaleconcordia.be\/index.php?rest_route=%2Fwp%2Fv2%2Ftribe_events_cat&post=840"}],"curies":[{"name":"wp","href":"https:\/\/api.w.org\/{rel}","templated":true}]}}

Commémorations à l&#8217;occasion de la Fête Nationale à Ottignies

<h4 style="text-align: center;">Chaque année la Philharmonie Royale Concordia rehausse de sa présence les cérémonies du 21 juillet lors du dépôt de fleurs aux monuments jouxtant l&#8217;église Saint-Rémy d&#8217;Ottignies (Espace Saint-Rémy).</h4>
<h4 style="text-align: center;">Un trompettiste jouera la « Sonnerie au champs » et la « Brabançonne » durant le dépôt des fleurs aux deux monuments.</h4>

<p>Chaque année la Philharmonie Royale Concordia rehausse de sa présence les cérémonies du 21 juillet lors du dépôt de fleurs aux monuments jouxtant l&#8217;église Saint-Rémy d&#8217;Ottignies (Espace Saint-Rémy). Un trompettiste &hellip; </p>
<p class="link-more"><a href="https://www.philharmonieroyaleconcordia.be/?tribe_events=commemorations-a-loccasion-de-la-fete-nationale-a-ottignies" class="more-link">Lire la suite de<span class="screen-reader-text">« Commémorations à l&#8217;occasion de la Fête Nationale à Ottignies »</span></a></p>
