{"id":847,"date":"2021-05-27T16:17:59","date_gmt":"2021-05-27T14:17:59","guid":{"rendered":"http:\/\/www.philharmonieroyaleconcordia.be\/?post_type=tribe_events&#038;p=847"},"modified":"2021-10-01T22:39:32","modified_gmt":"2021-10-01T20:39:32","slug":"commemorations-patriotique-le-ravivage-de-la-flamme-provinciale-du-souvenir","status":"publish","type":"tribe_events","link":"https:\/\/www.philharmonieroyaleconcordia.be\/?tribe_events=commemorations-patriotique-le-ravivage-de-la-flamme-provinciale-du-souvenir","title":{"rendered":"Comm\u00e9morations patriotique &#8211; Le ravivage de la Flamme provinciale du souvenir"},"content":{"rendered":"<h4 style=\"text-align: left;\">Cette ann\u00e9e encore, la ville d&#8217;Ottignies Louvain-La-Neuve a sollicit\u00e9 la Philharmonie Royale Concordia pour rehausser musicalement la c\u00e9r\u00e9monie du &#8220;Ravivage de la Flamme provinciale du souvenir.<\/h4>\n<h4 style=\"text-align: left;\">Cette c\u00e9r\u00e9monie a pour but de se souvenir de l\u2019histoire de notre pays et de r\u00e9affirmer notre reconnaissance aux \u00ab Anciens \u00bb au travers d\u2019une c\u00e9r\u00e9monie r\u00e9unissant, \u00e0 Ottignies-Louvain-la-Neuve, les membres des Associations patriotiques et les Autorit\u00e9s communales des 27 entit\u00e9s du Brabant wallon ainsi que d\u2019autres provinces.<\/h4>\n<h4 style=\"text-align: left;\">Un cort\u00e8ge est form\u00e9 \u00e0 l\u2019H\u00f4tel de Ville pour se rendre \u00e0 l\u2019\u00e9glise de Mousty o\u00f9 la Flamme du Souvenir est rallum\u00e9e.<\/h4>\n","protected":false},"excerpt":{"rendered":"<p>Cette ann\u00e9e encore, la ville d&#8217;Ottignies Louvain-La-Neuve a sollicit\u00e9 la Philharmonie Royale Concordia pour rehausser musicalement la c\u00e9r\u00e9monie du &#8220;Ravivage de la Flamme provinciale du souvenir. Cette c\u00e9r\u00e9monie a pour &hellip; <\/p>\n<p class=\"link-more\"><a href=\"https:\/\/www.philharmonieroyaleconcordia.be\/?tribe_events=commemorations-patriotique-le-ravivage-de-la-flamme-provinciale-du-souvenir\" class=\"more-link\">Lire la suite de<span class=\"screen-reader-text\">\u00ab\u00a0Comm\u00e9morations patriotique &#8211; Le ravivage de la Flamme provinciale du souvenir\u00a0\u00bb<\/span><\/a><\/p>\n","protected":false},"author":4,"featured_media":851,"comment_status":"open","ping_status":"closed","template":"","meta":{"ngg_post_thumbnail":0,"_tribe_events_status":"","_tribe_events_status_reason":"","footnotes":""},"tags":[],"tribe_events_cat":[],"class_list":["post-847","tribe_events","type-tribe_events","status-publish","has-post-thumbnail","hentry"],"wppr_data":{"cwp_meta_box_check":"No"},"jetpack_sharing_enabled":true,"_links":{"self":[{"href":"https:\/\/www.philharmonieroyaleconcordia.be\/index.php?rest_route=\/wp\/v2\/tribe_events\/847","targetHints":{"allow":["GET"]}}],"collection":[{"href":"https:\/\/www.philharmonieroyaleconcordia.be\/index.php?rest_route=\/wp\/v2\/tribe_events"}],"about":[{"href":"https:\/\/www.philharmonieroyaleconcordia.be\/index.php?rest_route=\/wp\/v2\/types\/tribe_events"}],"author":[{"embeddable":true,"href":"https:\/\/www.philharmonieroyaleconcordia.be\/index.php?rest_route=\/wp\/v2\/users\/4"}],"replies":[{"embeddable":true,"href":"https:\/\/www.philharmonieroyaleconcordia.be\/index.php?rest_route=%2Fwp%2Fv2%2Fcomments&post=847"}],"version-history":[{"count":18,"href":"https:\/\/www.philharmonieroyaleconcordia.be\/index.php?rest_route=\/wp\/v2\/tribe_events\/847\/revisions"}],"predecessor-version":[{"id":965,"href":"https:\/\/www.philharmonieroyaleconcordia.be\/index.php?rest_route=\/wp\/v2\/tribe_events\/847\/revisions\/965"}],"wp:featuredmedia":[{"embeddable":true,"href":"https:\/\/www.philharmonieroyaleconcordia.be\/index.php?rest_route=\/wp\/v2\/media\/851"}],"wp:attachment":[{"href":"https:\/\/www.philharmonieroyaleconcordia.be\/index.php?rest_route=%2Fwp%2Fv2%2Fmedia&parent=847"}],"wp:term":[{"taxonomy":"post_tag","embeddable":true,"href":"https:\/\/www.philharmonieroyaleconcordia.be\/index.php?rest_route=%2Fwp%2Fv2%2Ftags&post=847"},{"taxonomy":"tribe_events_cat","embeddable":true,"href":"https:\/\/www.philharmonieroyaleconcordia.be\/index.php?rest_route=%2Fwp%2Fv2%2Ftribe_events_cat&post=847"}],"curies":[{"name":"wp","href":"https:\/\/api.w.org\/{rel}","templated":true}]}}

Commémorations patriotique &#8211; Le ravivage de la Flamme provinciale du souvenir

<h4 style="text-align: left;">Cette année encore, la ville d&#8217;Ottignies Louvain-La-Neuve a sollicité la Philharmonie Royale Concordia pour rehausser musicalement la cérémonie du &#8220;Ravivage de la Flamme provinciale du souvenir.</h4>
<h4 style="text-align: left;">Cette cérémonie a pour but de se souvenir de l’histoire de notre pays et de réaffirmer notre reconnaissance aux « Anciens » au travers d’une cérémonie réunissant, à Ottignies-Louvain-la-Neuve, les membres des Associations patriotiques et les Autorités communales des 27 entités du Brabant wallon ainsi que d’autres provinces.</h4>
<h4 style="text-align: left;">Un cortège est formé à l’Hôtel de Ville pour se rendre à l’église de Mousty où la Flamme du Souvenir est rallumée.</h4>

<p>Cette année encore, la ville d&#8217;Ottignies Louvain-La-Neuve a sollicité la Philharmonie Royale Concordia pour rehausser musicalement la cérémonie du &#8220;Ravivage de la Flamme provinciale du souvenir. Cette cérémonie a pour &hellip; </p>
<p class="link-more"><a href="https://www.philharmonieroyaleconcordia.be/?tribe_events=commemorations-patriotique-le-ravivage-de-la-flamme-provinciale-du-souvenir" class="more-link">Lire la suite de<span class="screen-reader-text">« Commémorations patriotique &#8211; Le ravivage de la Flamme provinciale du souvenir »</span></a></p>
