{"id":979,"date":"2021-11-07T12:07:59","date_gmt":"2021-11-07T11:07:59","guid":{"rendered":"http:\/\/www.philharmonieroyaleconcordia.be\/?post_type=tribe_events&#038;p=979"},"modified":"2021-11-07T12:07:59","modified_gmt":"2021-11-07T11:07:59","slug":"979","status":"publish","type":"tribe_events","link":"https:\/\/www.philharmonieroyaleconcordia.be\/?tribe_events=979","title":{"rendered":""},"content":{"rendered":"<h3><img loading=\"lazy\" decoding=\"async\" data-attachment-id=\"845\" data-permalink=\"https:\/\/www.philharmonieroyaleconcordia.be\/?attachment_id=845\" data-orig-file=\"https:\/\/i0.wp.com\/www.philharmonieroyaleconcordia.be\/wp-content\/uploads\/2021\/05\/Drapeau-belge.jpeg?fit=259%2C195&amp;ssl=1\" data-orig-size=\"259,195\" data-comments-opened=\"1\" data-image-meta=\"{&quot;aperture&quot;:&quot;0&quot;,&quot;credit&quot;:&quot;&quot;,&quot;camera&quot;:&quot;&quot;,&quot;caption&quot;:&quot;&quot;,&quot;created_timestamp&quot;:&quot;0&quot;,&quot;copyright&quot;:&quot;&quot;,&quot;focal_length&quot;:&quot;0&quot;,&quot;iso&quot;:&quot;0&quot;,&quot;shutter_speed&quot;:&quot;0&quot;,&quot;title&quot;:&quot;&quot;,&quot;orientation&quot;:&quot;0&quot;}\" data-image-title=\"Drapeau belge\" data-image-description=\"\" data-image-caption=\"\" data-medium-file=\"https:\/\/i0.wp.com\/www.philharmonieroyaleconcordia.be\/wp-content\/uploads\/2021\/05\/Drapeau-belge.jpeg?fit=259%2C195&amp;ssl=1\" data-large-file=\"https:\/\/i0.wp.com\/www.philharmonieroyaleconcordia.be\/wp-content\/uploads\/2021\/05\/Drapeau-belge.jpeg?fit=259%2C195&amp;ssl=1\" class=\" wp-image-845 alignleft\" src=\"https:\/\/i0.wp.com\/www.philharmonieroyaleconcordia.be\/wp-content\/uploads\/2021\/05\/Drapeau-belge.jpeg?resize=123%2C92\" alt=\"\" width=\"123\" height=\"92\" srcset=\"https:\/\/i0.wp.com\/www.philharmonieroyaleconcordia.be\/wp-content\/uploads\/2021\/05\/Drapeau-belge.jpeg?w=259&amp;ssl=1 259w, https:\/\/i0.wp.com\/www.philharmonieroyaleconcordia.be\/wp-content\/uploads\/2021\/05\/Drapeau-belge.jpeg?resize=50%2C38&amp;ssl=1 50w\" sizes=\"auto, (max-width: 123px) 100vw, 123px\" data-recalc-dims=\"1\" \/>Ce jeudi 11 novembre 2021, la commune de Court-St-Etienne organise, avec le concours de la Philharmonie Royale Concordia, les c\u00e9r\u00e9monies de <span id=\"parent-fieldname-title\" class=\"\">comm\u00e9morions l&#8217;Armistice de 1918.<\/span><\/h3>\n<p>D\u00e9but des c\u00e9r\u00e9monies \u00e0 10h30 Place Communale<\/p>\n","protected":false},"excerpt":{"rendered":"<p>Ce jeudi 11 novembre 2021, la commune de Court-St-Etienne organise, avec le concours de la Philharmonie Royale Concordia, les c\u00e9r\u00e9monies de comm\u00e9morions l&#8217;Armistice de 1918. D\u00e9but des c\u00e9r\u00e9monies \u00e0 10h30 &hellip; <\/p>\n<p class=\"link-more\"><a href=\"https:\/\/www.philharmonieroyaleconcordia.be\/?tribe_events=979\" class=\"more-link\">Lire la suite de<span class=\"screen-reader-text\">\u00ab\u00a0\u00a0\u00bb<\/span><\/a><\/p>\n","protected":false},"author":4,"featured_media":0,"comment_status":"open","ping_status":"closed","template":"","meta":{"ngg_post_thumbnail":0,"_tribe_events_status":"","_tribe_events_status_reason":"","footnotes":""},"tags":[10],"tribe_events_cat":[],"class_list":["post-979","tribe_events","type-tribe_events","status-publish","hentry","tag-concertpatriotiquecourt-st-etienne-11-novembre"],"wppr_data":{"cwp_meta_box_check":"No"},"jetpack_sharing_enabled":true,"_links":{"self":[{"href":"https:\/\/www.philharmonieroyaleconcordia.be\/index.php?rest_route=\/wp\/v2\/tribe_events\/979","targetHints":{"allow":["GET"]}}],"collection":[{"href":"https:\/\/www.philharmonieroyaleconcordia.be\/index.php?rest_route=\/wp\/v2\/tribe_events"}],"about":[{"href":"https:\/\/www.philharmonieroyaleconcordia.be\/index.php?rest_route=\/wp\/v2\/types\/tribe_events"}],"author":[{"embeddable":true,"href":"https:\/\/www.philharmonieroyaleconcordia.be\/index.php?rest_route=\/wp\/v2\/users\/4"}],"replies":[{"embeddable":true,"href":"https:\/\/www.philharmonieroyaleconcordia.be\/index.php?rest_route=%2Fwp%2Fv2%2Fcomments&post=979"}],"version-history":[{"count":2,"href":"https:\/\/www.philharmonieroyaleconcordia.be\/index.php?rest_route=\/wp\/v2\/tribe_events\/979\/revisions"}],"predecessor-version":[{"id":981,"href":"https:\/\/www.philharmonieroyaleconcordia.be\/index.php?rest_route=\/wp\/v2\/tribe_events\/979\/revisions\/981"}],"wp:attachment":[{"href":"https:\/\/www.philharmonieroyaleconcordia.be\/index.php?rest_route=%2Fwp%2Fv2%2Fmedia&parent=979"}],"wp:term":[{"taxonomy":"post_tag","embeddable":true,"href":"https:\/\/www.philharmonieroyaleconcordia.be\/index.php?rest_route=%2Fwp%2Fv2%2Ftags&post=979"},{"taxonomy":"tribe_events_cat","embeddable":true,"href":"https:\/\/www.philharmonieroyaleconcordia.be\/index.php?rest_route=%2Fwp%2Fv2%2Ftribe_events_cat&post=979"}],"curies":[{"name":"wp","href":"https:\/\/api.w.org\/{rel}","templated":true}]}}

<h3><img loading="lazy" decoding="async" data-attachment-id="845" data-permalink="https://www.philharmonieroyaleconcordia.be/?attachment_id=845" data-orig-file="https://i0.wp.com/www.philharmonieroyaleconcordia.be/wp-content/uploads/2021/05/Drapeau-belge.jpeg?fit=259%2C195&amp;ssl=1" data-orig-size="259,195" data-comments-opened="1" data-image-meta="{&quot;aperture&quot;:&quot;0&quot;,&quot;credit&quot;:&quot;&quot;,&quot;camera&quot;:&quot;&quot;,&quot;caption&quot;:&quot;&quot;,&quot;created_timestamp&quot;:&quot;0&quot;,&quot;copyright&quot;:&quot;&quot;,&quot;focal_length&quot;:&quot;0&quot;,&quot;iso&quot;:&quot;0&quot;,&quot;shutter_speed&quot;:&quot;0&quot;,&quot;title&quot;:&quot;&quot;,&quot;orientation&quot;:&quot;0&quot;}" data-image-title="Drapeau belge" data-image-description="" data-image-caption="" data-medium-file="https://i0.wp.com/www.philharmonieroyaleconcordia.be/wp-content/uploads/2021/05/Drapeau-belge.jpeg?fit=259%2C195&amp;ssl=1" data-large-file="https://i0.wp.com/www.philharmonieroyaleconcordia.be/wp-content/uploads/2021/05/Drapeau-belge.jpeg?fit=259%2C195&amp;ssl=1" class=" wp-image-845 alignleft" src="https://i0.wp.com/www.philharmonieroyaleconcordia.be/wp-content/uploads/2021/05/Drapeau-belge.jpeg?resize=123%2C92" alt="" width="123" height="92" srcset="https://i0.wp.com/www.philharmonieroyaleconcordia.be/wp-content/uploads/2021/05/Drapeau-belge.jpeg?w=259&amp;ssl=1 259w, https://i0.wp.com/www.philharmonieroyaleconcordia.be/wp-content/uploads/2021/05/Drapeau-belge.jpeg?resize=50%2C38&amp;ssl=1 50w" sizes="auto, (max-width: 123px) 100vw, 123px" data-recalc-dims="1" />Ce jeudi 11 novembre 2021, la commune de Court-St-Etienne organise, avec le concours de la Philharmonie Royale Concordia, les cérémonies de <span id="parent-fieldname-title" class="">commémorions l&#8217;Armistice de 1918.</span></h3>
<p>Début des cérémonies à 10h30 Place Communale</p>

<p>Ce jeudi 11 novembre 2021, la commune de Court-St-Etienne organise, avec le concours de la Philharmonie Royale Concordia, les cérémonies de commémorions l&#8217;Armistice de 1918. Début des cérémonies à 10h30 &hellip; </p>
<p class="link-more"><a href="https://www.philharmonieroyaleconcordia.be/?tribe_events=979" class="more-link">Lire la suite de<span class="screen-reader-text">«  »</span></a></p>
