{"id":990,"date":"2021-11-14T10:02:01","date_gmt":"2021-11-14T09:02:01","guid":{"rendered":"http:\/\/www.philharmonieroyaleconcordia.be\/?post_type=tribe_events&#038;p=990"},"modified":"2021-11-14T10:05:56","modified_gmt":"2021-11-14T09:05:56","slug":"la-prc-au-centre-culturel-gabrielle-bernard-a-jemeppe-sur-sambre","status":"publish","type":"tribe_events","link":"https:\/\/www.philharmonieroyaleconcordia.be\/?tribe_events=la-prc-au-centre-culturel-gabrielle-bernard-a-jemeppe-sur-sambre","title":{"rendered":"La PRC au Centre culturel Gabrielle Bernard \u00e0 Jemeppe-sur-Sambre"},"content":{"rendered":"<p>Actuellement, un concert est programm\u00e9 au <a href=\"https:\/\/www.jemeppe-sur-sambre.be\/loisirs\/culture\/centre-culturel\/service-culture\"><strong><em>Centre culturel Gabrielle Bernard de Jemeppe-sur-Sambre<\/em><\/strong><\/a> (Moustier-sur-Sambre)<!--more--><\/p>\n<p><img loading=\"lazy\" decoding=\"async\" data-attachment-id=\"680\" data-permalink=\"https:\/\/www.philharmonieroyaleconcordia.be\/?attachment_id=680\" data-orig-file=\"https:\/\/i0.wp.com\/www.philharmonieroyaleconcordia.be\/wp-content\/uploads\/2020\/02\/photo_78875397_small_5.jpg?fit=130%2C100&amp;ssl=1\" data-orig-size=\"130,100\" data-comments-opened=\"1\" data-image-meta=\"{&quot;aperture&quot;:&quot;0&quot;,&quot;credit&quot;:&quot;&quot;,&quot;camera&quot;:&quot;&quot;,&quot;caption&quot;:&quot;&quot;,&quot;created_timestamp&quot;:&quot;0&quot;,&quot;copyright&quot;:&quot;&quot;,&quot;focal_length&quot;:&quot;0&quot;,&quot;iso&quot;:&quot;0&quot;,&quot;shutter_speed&quot;:&quot;0&quot;,&quot;title&quot;:&quot;&quot;,&quot;orientation&quot;:&quot;0&quot;}\" data-image-title=\"photo_78875397_small_5\" data-image-description=\"\" data-image-caption=\"\" data-medium-file=\"https:\/\/i0.wp.com\/www.philharmonieroyaleconcordia.be\/wp-content\/uploads\/2020\/02\/photo_78875397_small_5.jpg?fit=130%2C100&amp;ssl=1\" data-large-file=\"https:\/\/i0.wp.com\/www.philharmonieroyaleconcordia.be\/wp-content\/uploads\/2020\/02\/photo_78875397_small_5.jpg?fit=130%2C100&amp;ssl=1\" class=\"size-full wp-image-680 alignleft\" src=\"https:\/\/i0.wp.com\/www.philharmonieroyaleconcordia.be\/wp-content\/uploads\/2020\/02\/photo_78875397_small_5.jpg?resize=130%2C100\" alt=\"\" width=\"130\" height=\"100\" srcset=\"https:\/\/i0.wp.com\/www.philharmonieroyaleconcordia.be\/wp-content\/uploads\/2020\/02\/photo_78875397_small_5.jpg?w=130&amp;ssl=1 130w, https:\/\/i0.wp.com\/www.philharmonieroyaleconcordia.be\/wp-content\/uploads\/2020\/02\/photo_78875397_small_5.jpg?resize=50%2C38&amp;ssl=1 50w\" sizes=\"auto, (max-width: 130px) 100vw, 130px\" data-recalc-dims=\"1\" \/>Ce concert \u00e0 lieu dans la continuit\u00e9 du festival du cin\u00e9ma belge \u00e0 Moustier-sur-Sambre et tout naturellement aura pour th\u00e8me les musques de film.<\/p>\n<p>La PRC y fera donc son cin\u00e9ma.<\/p>\n<p>Les d\u00e9tails pratique pour ce concert seront communiqu\u00e9s ult\u00e9rieurement<\/p>\n<p><!--more--><\/p>\n","protected":false},"excerpt":{"rendered":"<p>Actuellement, un concert est programm\u00e9 au Centre culturel Gabrielle Bernard de Jemeppe-sur-Sambre (Moustier-sur-Sambre)<\/p>\n","protected":false},"author":4,"featured_media":0,"comment_status":"open","ping_status":"closed","template":"","meta":{"ngg_post_thumbnail":0,"_tribe_events_status":"","_tribe_events_status_reason":"","footnotes":""},"tags":[],"tribe_events_cat":[],"class_list":["post-990","tribe_events","type-tribe_events","status-publish","hentry"],"wppr_data":{"cwp_meta_box_check":"No"},"jetpack_sharing_enabled":true,"_links":{"self":[{"href":"https:\/\/www.philharmonieroyaleconcordia.be\/index.php?rest_route=\/wp\/v2\/tribe_events\/990","targetHints":{"allow":["GET"]}}],"collection":[{"href":"https:\/\/www.philharmonieroyaleconcordia.be\/index.php?rest_route=\/wp\/v2\/tribe_events"}],"about":[{"href":"https:\/\/www.philharmonieroyaleconcordia.be\/index.php?rest_route=\/wp\/v2\/types\/tribe_events"}],"author":[{"embeddable":true,"href":"https:\/\/www.philharmonieroyaleconcordia.be\/index.php?rest_route=\/wp\/v2\/users\/4"}],"replies":[{"embeddable":true,"href":"https:\/\/www.philharmonieroyaleconcordia.be\/index.php?rest_route=%2Fwp%2Fv2%2Fcomments&post=990"}],"version-history":[{"count":6,"href":"https:\/\/www.philharmonieroyaleconcordia.be\/index.php?rest_route=\/wp\/v2\/tribe_events\/990\/revisions"}],"predecessor-version":[{"id":1002,"href":"https:\/\/www.philharmonieroyaleconcordia.be\/index.php?rest_route=\/wp\/v2\/tribe_events\/990\/revisions\/1002"}],"wp:attachment":[{"href":"https:\/\/www.philharmonieroyaleconcordia.be\/index.php?rest_route=%2Fwp%2Fv2%2Fmedia&parent=990"}],"wp:term":[{"taxonomy":"post_tag","embeddable":true,"href":"https:\/\/www.philharmonieroyaleconcordia.be\/index.php?rest_route=%2Fwp%2Fv2%2Ftags&post=990"},{"taxonomy":"tribe_events_cat","embeddable":true,"href":"https:\/\/www.philharmonieroyaleconcordia.be\/index.php?rest_route=%2Fwp%2Fv2%2Ftribe_events_cat&post=990"}],"curies":[{"name":"wp","href":"https:\/\/api.w.org\/{rel}","templated":true}]}}

La PRC au Centre culturel Gabrielle Bernard à Jemeppe-sur-Sambre

<p>Actuellement, un concert est programmé au <a href="https://www.jemeppe-sur-sambre.be/loisirs/culture/centre-culturel/service-culture"><strong><em>Centre culturel Gabrielle Bernard de Jemeppe-sur-Sambre</em></strong></a> (Moustier-sur-Sambre)<!--more--></p>
<p><img loading="lazy" decoding="async" data-attachment-id="680" data-permalink="https://www.philharmonieroyaleconcordia.be/?attachment_id=680" data-orig-file="https://i0.wp.com/www.philharmonieroyaleconcordia.be/wp-content/uploads/2020/02/photo_78875397_small_5.jpg?fit=130%2C100&amp;ssl=1" data-orig-size="130,100" data-comments-opened="1" data-image-meta="{&quot;aperture&quot;:&quot;0&quot;,&quot;credit&quot;:&quot;&quot;,&quot;camera&quot;:&quot;&quot;,&quot;caption&quot;:&quot;&quot;,&quot;created_timestamp&quot;:&quot;0&quot;,&quot;copyright&quot;:&quot;&quot;,&quot;focal_length&quot;:&quot;0&quot;,&quot;iso&quot;:&quot;0&quot;,&quot;shutter_speed&quot;:&quot;0&quot;,&quot;title&quot;:&quot;&quot;,&quot;orientation&quot;:&quot;0&quot;}" data-image-title="photo_78875397_small_5" data-image-description="" data-image-caption="" data-medium-file="https://i0.wp.com/www.philharmonieroyaleconcordia.be/wp-content/uploads/2020/02/photo_78875397_small_5.jpg?fit=130%2C100&amp;ssl=1" data-large-file="https://i0.wp.com/www.philharmonieroyaleconcordia.be/wp-content/uploads/2020/02/photo_78875397_small_5.jpg?fit=130%2C100&amp;ssl=1" class="size-full wp-image-680 alignleft" src="https://i0.wp.com/www.philharmonieroyaleconcordia.be/wp-content/uploads/2020/02/photo_78875397_small_5.jpg?resize=130%2C100" alt="" width="130" height="100" srcset="https://i0.wp.com/www.philharmonieroyaleconcordia.be/wp-content/uploads/2020/02/photo_78875397_small_5.jpg?w=130&amp;ssl=1 130w, https://i0.wp.com/www.philharmonieroyaleconcordia.be/wp-content/uploads/2020/02/photo_78875397_small_5.jpg?resize=50%2C38&amp;ssl=1 50w" sizes="auto, (max-width: 130px) 100vw, 130px" data-recalc-dims="1" />Ce concert à lieu dans la continuité du festival du cinéma belge à Moustier-sur-Sambre et tout naturellement aura pour thème les musques de film.</p>
<p>La PRC y fera donc son cinéma.</p>
<p>Les détails pratique pour ce concert seront communiqués ultérieurement</p>
<p><!--more--></p>

<p>Actuellement, un concert est programmé au Centre culturel Gabrielle Bernard de Jemeppe-sur-Sambre (Moustier-sur-Sambre)</p>
